{"id":1203,"date":"2024-01-03T15:45:19","date_gmt":"2024-01-03T18:45:19","guid":{"rendered":"https:\/\/adesampa.com.br\/vaitec\/?page_id=1203"},"modified":"2024-01-03T15:48:55","modified_gmt":"2024-01-03T18:48:55","slug":"negocios-inovadores","status":"publish","type":"page","link":"https:\/\/adesampa.com.br\/vaitec9\/negocios-inovadores\/","title":{"rendered":"Neg\u00f3cios Inovadores"},"content":{"rendered":"\t\t<div data-elementor-type=\"wp-page\" data-elementor-id=\"1203\" class=\"elementor elementor-1203\">\n\t\t\t\t\t\t<section class=\"elementor-section elementor-top-section elementor-element elementor-element-0dabcc3 elementor-section-boxed elementor-section-height-default elementor-section-height-default\" data-id=\"0dabcc3\" data-element_type=\"section\">\n\t\t\t\t\t\t<div class=\"elementor-container elementor-column-gap-default\">\n\t\t\t\t\t<div class=\"elementor-column elementor-col-100 elementor-top-column elementor-element elementor-element-514c194\" data-id=\"514c194\" data-element_type=\"column\">\n\t\t\t<div class=\"elementor-widget-wrap elementor-element-populated\">\n\t\t\t\t\t\t<div class=\"elementor-element elementor-element-9e3f278 elementor-widget elementor-widget-image\" data-id=\"9e3f278\" data-element_type=\"widget\" data-widget_type=\"image.default\">\n\t\t\t\t<div class=\"elementor-widget-container\">\n\t\t\t\t\t\t\t\t\t\t\t\t\t\t\t<img fetchpriority=\"high\" decoding=\"async\" width=\"300\" height=\"282\" src=\"https:\/\/adesampa.com.br\/vaitec9\/wp-content\/uploads\/2024\/01\/1c.png\" class=\"attachment-large size-large wp-image-1102\" alt=\"\" \/>\t\t\t\t\t\t\t\t\t\t\t\t\t\t\t<\/div>\n\t\t\t\t<\/div>\n\t\t\t\t\t<\/div>\n\t\t<\/div>\n\t\t\t\t\t<\/div>\n\t\t<\/section>\n\t\t\t\t<section class=\"elementor-section elementor-top-section elementor-element elementor-element-1f30955 elementor-section-stretched elementor-section-boxed elementor-section-height-default elementor-section-height-default\" data-id=\"1f30955\" data-element_type=\"section\" data-settings=\"{&quot;stretch_section&quot;:&quot;section-stretched&quot;}\">\n\t\t\t\t\t\t<div class=\"elementor-container elementor-column-gap-default\">\n\t\t\t\t\t<div class=\"elementor-column elementor-col-100 elementor-top-column elementor-element elementor-element-d7790bb\" data-id=\"d7790bb\" data-element_type=\"column\">\n\t\t\t<div class=\"elementor-widget-wrap elementor-element-populated\">\n\t\t\t\t\t\t<div class=\"elementor-element elementor-element-6f0aa1d elementor-widget elementor-widget-text-editor\" data-id=\"6f0aa1d\" data-element_type=\"widget\" data-widget_type=\"text-editor.default\">\n\t\t\t\t<div class=\"elementor-widget-container\">\n\t\t\t\t\t\t\t\t\t<p><span style=\"color: #9b5fff;\"><b>Tipos de Tecnologia<\/b><\/span><\/p><p><span style=\"font-weight: 400;\">Tecnologia como um corpo de conhecimentos, ferramentas e t\u00e9cnicas, derivados da ci\u00eancia e da experi\u00eancia pr\u00e1tica, que \u00e9 usado no desenvolvimento, projeto, produ\u00e7\u00e3o, e aplica\u00e7\u00e3o de produtos, processos, sistemas e servi\u00e7os.<\/span><\/p><p><span style=\"color: #9b5fff;\"><b>Tecnologia da Informa\u00e7\u00e3o e Comunica\u00e7\u00e3o \u2013 TIC:<\/b><\/span><span style=\"font-weight: 400;\"> Combina\u00e7\u00e3o de atividades industriais, comerciais e de servi\u00e7os, que capturam eletronicamente, transmitem e disseminam dados e informa\u00e7\u00e3o, bem como comercializam equipamentos e produtos intrinsecamente vinculados a esse processo.<\/span><\/p><p><span style=\"color: #9b5fff;\"><b>Tecnologias Sociais:<\/b><\/span><span style=\"font-weight: 400;\"> Conjunto de t\u00e9cnicas, metodologias transformadoras, desenvolvidas e\/ou aplicadas na intera\u00e7\u00e3o com a popula\u00e7\u00e3o e apropriadas por ela, que representam solu\u00e7\u00f5es para a inclus\u00e3o social e melhoria das condi\u00e7\u00f5es de vida. Atendendo quesitos de f\u00e1cil aplicabilidade e replicabilidade, 3 simplicidade, baixo custo e impacto social comprovado.<\/span><\/p><p><span style=\"color: #9b5fff;\"><b>Tecnologia Ambiental:<\/b><\/span><span style=\"font-weight: 400;\"> Fornecem solu\u00e7\u00f5es para diminuir os influxos de subst\u00e2ncias, reduzir o consumo de energia e as emiss\u00f5es, reaproveitar os subprodutos e minimizar os problemas da elimina\u00e7\u00e3o de res\u00edduos. Melhoram a eco-efici\u00eancia, ou seja, permitem \u201cfazer mais com menos\u201d, apoiam a aplica\u00e7\u00e3o de sistemas de gest\u00e3o ambiental e tornam os processos produtivos mais ecol\u00f3gicos . As tecnologias ambientais objetivam regenerar e conservar o meio ambiente bem como monitorar ou reduzir os danos que o ser humano causa ao consumir os recursos ambientais.<\/span><\/p><p><span style=\"color: #9b5fff;\"><b>Tecnologia de Processos:<\/b><\/span><span style=\"font-weight: 400;\"> Tecnologia de processo \u00e9 o conjunto de m\u00e1quinas, equipamentos ou dispositivos que ajudam as opera\u00e7\u00f5es a criar ou entregar produtos e servi\u00e7os. Tecnologia de processo indireto ajuda a facilitar a cria\u00e7\u00e3o direta de produtos e servi\u00e7os<\/span><\/p>\t\t\t\t\t\t\t\t<\/div>\n\t\t\t\t<\/div>\n\t\t\t\t\t<\/div>\n\t\t<\/div>\n\t\t\t\t\t<\/div>\n\t\t<\/section>\n\t\t\t\t<section class=\"elementor-section elementor-top-section elementor-element elementor-element-1dada34 elementor-section-boxed elementor-section-height-default elementor-section-height-default\" data-id=\"1dada34\" data-element_type=\"section\">\n\t\t\t\t\t\t<div class=\"elementor-container elementor-column-gap-default\">\n\t\t\t\t\t<div class=\"elementor-column elementor-col-100 elementor-top-column elementor-element elementor-element-4e26003\" data-id=\"4e26003\" data-element_type=\"column\">\n\t\t\t<div class=\"elementor-widget-wrap elementor-element-populated\">\n\t\t\t\t\t\t<div class=\"elementor-element elementor-element-09d5dfe elementor-widget elementor-widget-text-editor\" data-id=\"09d5dfe\" data-element_type=\"widget\" data-widget_type=\"text-editor.default\">\n\t\t\t\t<div class=\"elementor-widget-container\">\n\t\t\t\t\t\t\t\t\t<p>Em caso de outras d\u00favidas, envie um email para: <a href=\"mailto:vaitec@adesampa.com.br\">vaitec@adesampa.com.br<\/a><\/p>\t\t\t\t\t\t\t\t<\/div>\n\t\t\t\t<\/div>\n\t\t\t\t\t<\/div>\n\t\t<\/div>\n\t\t\t\t\t<\/div>\n\t\t<\/section>\n\t\t\t\t<section class=\"elementor-section elementor-top-section elementor-element elementor-element-baa1f1a elementor-section-boxed elementor-section-height-default elementor-section-height-default\" data-id=\"baa1f1a\" data-element_type=\"section\">\n\t\t\t\t\t\t<div class=\"elementor-container elementor-column-gap-default\">\n\t\t\t\t\t<div class=\"elementor-column elementor-col-100 elementor-top-column elementor-element elementor-element-b48ae56\" data-id=\"b48ae56\" data-element_type=\"column\">\n\t\t\t<div class=\"elementor-widget-wrap elementor-element-populated\">\n\t\t\t\t\t\t<div class=\"elementor-element elementor-element-0de3d50 elementor-widget elementor-widget-spacer\" data-id=\"0de3d50\" data-element_type=\"widget\" data-widget_type=\"spacer.default\">\n\t\t\t\t<div class=\"elementor-widget-container\">\n\t\t\t\t\t\t\t<div class=\"elementor-spacer\">\n\t\t\t<div class=\"elementor-spacer-inner\"><\/div>\n\t\t<\/div>\n\t\t\t\t\t\t<\/div>\n\t\t\t\t<\/div>\n\t\t\t\t\t<\/div>\n\t\t<\/div>\n\t\t\t\t\t<\/div>\n\t\t<\/section>\n\t\t\t\t<\/div>\n\t\t","protected":false},"excerpt":{"rendered":"<p>Tipos de Tecnologia Tecnologia como um corpo de conhecimentos, ferramentas e t\u00e9cnicas, derivados da ci\u00eancia e da experi\u00eancia pr\u00e1tica, que \u00e9 usado no desenvolvimento, projeto, produ\u00e7\u00e3o, e aplica\u00e7\u00e3o de produtos, processos, sistemas e servi\u00e7os. Tecnologia da Informa\u00e7\u00e3o e Comunica\u00e7\u00e3o \u2013 TIC: Combina\u00e7\u00e3o de atividades industriais, comerciais e de servi\u00e7os, que capturam eletronicamente, transmitem e disseminam<\/p><\/div>\n<div class=\"blog-btn\"><a href=\"https:\/\/adesampa.com.br\/vaitec9\/negocios-inovadores\/\" class=\"home-blog-btn\">Ler mais<\/a><\/p>\n","protected":false},"author":1,"featured_media":0,"parent":0,"menu_order":0,"comment_status":"closed","ping_status":"closed","template":"elementor_header_footer","meta":{"_monsterinsights_skip_tracking":false,"_monsterinsights_sitenote_active":false,"_monsterinsights_sitenote_note":"","_monsterinsights_sitenote_category":0,"footnotes":""},"class_list":["post-1203","page","type-page","status-publish","hentry"],"_links":{"self":[{"href":"https:\/\/adesampa.com.br\/vaitec9\/wp-json\/wp\/v2\/pages\/1203","targetHints":{"allow":["GET"]}}],"collection":[{"href":"https:\/\/adesampa.com.br\/vaitec9\/wp-json\/wp\/v2\/pages"}],"about":[{"href":"https:\/\/adesampa.com.br\/vaitec9\/wp-json\/wp\/v2\/types\/page"}],"author":[{"embeddable":true,"href":"https:\/\/adesampa.com.br\/vaitec9\/wp-json\/wp\/v2\/users\/1"}],"replies":[{"embeddable":true,"href":"https:\/\/adesampa.com.br\/vaitec9\/wp-json\/wp\/v2\/comments?post=1203"}],"version-history":[{"count":7,"href":"https:\/\/adesampa.com.br\/vaitec9\/wp-json\/wp\/v2\/pages\/1203\/revisions"}],"predecessor-version":[{"id":1211,"href":"https:\/\/adesampa.com.br\/vaitec9\/wp-json\/wp\/v2\/pages\/1203\/revisions\/1211"}],"wp:attachment":[{"href":"https:\/\/adesampa.com.br\/vaitec9\/wp-json\/wp\/v2\/media?parent=1203"}],"curies":[{"name":"wp","href":"https:\/\/api.w.org\/{rel}","templated":true}]}}