{"id":14027,"date":"2026-02-06T16:38:06","date_gmt":"2026-02-06T19:38:06","guid":{"rendered":"https:\/\/adesampa.com.br\/hubsampagames\/?page_id=14027"},"modified":"2026-03-31T10:39:09","modified_gmt":"2026-03-31T13:39:09","slug":"processo-seletivo-02-2026","status":"publish","type":"page","link":"https:\/\/adesampa.com.br\/hubsampagames\/processo-seletivo-02-2026\/","title":{"rendered":"Processo seletivo &#8211; 02\/2026"},"content":{"rendered":"\t\t<div data-elementor-type=\"wp-post\" data-elementor-id=\"14027\" class=\"elementor elementor-14027\">\n\t\t\t\t<div class=\"elementor-element elementor-element-c1aff65 e-flex e-con-boxed e-con e-parent\" data-id=\"c1aff65\" data-element_type=\"container\" data-e-type=\"container\" data-settings=\"{&quot;background_background&quot;:&quot;classic&quot;}\">\n\t\t\t\t\t<div class=\"e-con-inner\">\n\t\t\t\t<div class=\"elementor-element elementor-element-04cf7f5 elementor-widget elementor-widget-spacer\" data-id=\"04cf7f5\" data-element_type=\"widget\" data-e-type=\"widget\" data-widget_type=\"spacer.default\">\n\t\t\t\t<div class=\"elementor-widget-container\">\n\t\t\t\t\t\t\t<div class=\"elementor-spacer\">\n\t\t\t<div class=\"elementor-spacer-inner\"><\/div>\n\t\t<\/div>\n\t\t\t\t\t\t<\/div>\n\t\t\t\t<\/div>\n\t\t\t\t<div class=\"elementor-element elementor-element-48d7141 elementor-widget elementor-widget-text-editor\" data-id=\"48d7141\" data-element_type=\"widget\" data-e-type=\"widget\" data-widget_type=\"text-editor.default\">\n\t\t\t\t<div class=\"elementor-widget-container\">\n\t\t\t\t\t\t\t\t\t<p>PROCESSO SELETIVO 02\/2026<\/p>\t\t\t\t\t\t\t\t<\/div>\n\t\t\t\t<\/div>\n\t\t\t\t\t<\/div>\n\t\t\t\t<\/div>\n\t\t<div class=\"elementor-element elementor-element-265f715 e-flex e-con-boxed e-con e-parent\" data-id=\"265f715\" data-element_type=\"container\" data-e-type=\"container\" data-settings=\"{&quot;background_background&quot;:&quot;classic&quot;}\">\n\t\t\t\t\t<div class=\"e-con-inner\">\n\t\t<div class=\"elementor-element elementor-element-402a15f e-con-full e-flex e-con e-child\" data-id=\"402a15f\" data-element_type=\"container\" data-e-type=\"container\">\n\t\t\t\t<div class=\"elementor-element elementor-element-135e1e6 elementor-widget elementor-widget-text-editor\" data-id=\"135e1e6\" data-element_type=\"widget\" data-e-type=\"widget\" data-widget_type=\"text-editor.default\">\n\t\t\t\t<div class=\"elementor-widget-container\">\n\t\t\t\t\t\t\t\t\t<p>Edital: <a href=\"https:\/\/adesampa.com.br\/hubsampagames\/wp-content\/uploads\/2026\/02\/Edital_de_Processo_Seletivo_02_2026___Hub_Sampa_Games__2_.pdf\" target=\"_blank\" rel=\"noopener\">Clique aqui<\/a><\/p>\t\t\t\t\t\t\t\t<\/div>\n\t\t\t\t<\/div>\n\t\t\t\t<div class=\"elementor-element elementor-element-80c8786 elementor-widget elementor-widget-text-editor\" data-id=\"80c8786\" data-element_type=\"widget\" data-e-type=\"widget\" data-widget_type=\"text-editor.default\">\n\t\t\t\t<div class=\"elementor-widget-container\">\n\t\t\t\t\t\t\t\t\t<p>Inscri\u00e7\u00e3o: <a href=\"https:\/\/forms.gle\/Y7VESoLLsJCZTdhk6\" target=\"_blank\" rel=\"noopener\">Clique aqui<\/a><\/p>\t\t\t\t\t\t\t\t<\/div>\n\t\t\t\t<\/div>\n\t\t\t\t<div class=\"elementor-element elementor-element-e379453 elementor-widget elementor-widget-text-editor\" data-id=\"e379453\" data-element_type=\"widget\" data-e-type=\"widget\" data-widget_type=\"text-editor.default\">\n\t\t\t\t<div class=\"elementor-widget-container\">\n\t\t\t\t\t\t\t\t\t<p>D\u00favidas ou esclarecimentos: <a href=\"https:\/\/forms.gle\/3upVV6Jn2FaWwmQYA\" target=\"_blank\" rel=\"noopener\">Clique aqui<\/a><\/p>\t\t\t\t\t\t\t\t<\/div>\n\t\t\t\t<\/div>\n\t\t\t\t<div class=\"elementor-element elementor-element-a40adba elementor-widget elementor-widget-text-editor\" data-id=\"a40adba\" data-element_type=\"widget\" data-e-type=\"widget\" data-widget_type=\"text-editor.default\">\n\t\t\t\t<div class=\"elementor-widget-container\">\n\t\t\t\t\t\t\t\t\t<p>Comunicado 01: <a href=\"https:\/\/adesampa.com.br\/hubsampagames\/wp-content\/uploads\/2026\/02\/SEI-151563665-Comunicado-pdf-D4Sign.pdf\" target=\"_blank\" rel=\"noopener\">Clique aqui<\/a><\/p>\t\t\t\t\t\t\t\t<\/div>\n\t\t\t\t<\/div>\n\t\t\t\t<div class=\"elementor-element elementor-element-a82c62c elementor-widget elementor-widget-text-editor\" data-id=\"a82c62c\" data-element_type=\"widget\" data-e-type=\"widget\" data-widget_type=\"text-editor.default\">\n\t\t\t\t<div class=\"elementor-widget-container\">\n\t\t\t\t\t\t\t\t\t<p>Comunicado 02: <a href=\"https:\/\/adesampa.com.br\/hubsampagames\/wp-content\/uploads\/2026\/03\/Comunicado-N2-GABARITO-OFICIAL.pdf\" target=\"_blank\" rel=\"noopener\">Clique aqui<\/a><\/p>\t\t\t\t\t\t\t\t<\/div>\n\t\t\t\t<\/div>\n\t\t\t\t<div class=\"elementor-element elementor-element-5d99be2 elementor-widget elementor-widget-text-editor\" data-id=\"5d99be2\" data-element_type=\"widget\" data-e-type=\"widget\" data-widget_type=\"text-editor.default\">\n\t\t\t\t<div class=\"elementor-widget-container\">\n\t\t\t\t\t\t\t\t\t<p>Comunicado 03: <a href=\"https:\/\/adesampa.com.br\/adeeditais\/wp-content\/uploads\/2026\/03\/Comunicado_3_Resultados_das_Solicitacoes_Recursos.pdf\" target=\"_blank\" rel=\"noopener\">Clique aqui<\/a><\/p>\t\t\t\t\t\t\t\t<\/div>\n\t\t\t\t<\/div>\n\t\t\t\t<div class=\"elementor-element elementor-element-2e7c380 elementor-widget elementor-widget-text-editor\" data-id=\"2e7c380\" data-element_type=\"widget\" data-e-type=\"widget\" data-widget_type=\"text-editor.default\">\n\t\t\t\t<div class=\"elementor-widget-container\">\n\t\t\t\t\t\t\t\t\t<p>Recurso: <a href=\"https:\/\/forms.gle\/Z3hdTrah3YDZEcYy5\" target=\"_blank\" rel=\"noopener\">Clique aqui<\/a><\/p>\t\t\t\t\t\t\t\t<\/div>\n\t\t\t\t<\/div>\n\t\t\t\t<div class=\"elementor-element elementor-element-caceab9 elementor-widget elementor-widget-text-editor\" data-id=\"caceab9\" data-element_type=\"widget\" data-e-type=\"widget\" data-widget_type=\"text-editor.default\">\n\t\t\t\t<div class=\"elementor-widget-container\">\n\t\t\t\t\t\t\t\t\t<p>Lista Preliminar de Convocados para Matr\u00edcula: <a href=\"https:\/\/adesampa.com.br\/hubsampagames\/wp-content\/uploads\/2026\/03\/SEI-153192929-Ata-pdf-D4Sign.pdf\" target=\"_blank\" rel=\"noopener\">Clique aqui<\/a><\/p>\t\t\t\t\t\t\t\t<\/div>\n\t\t\t\t<\/div>\n\t\t\t\t<div class=\"elementor-element elementor-element-0d66a7a elementor-widget elementor-widget-text-editor\" data-id=\"0d66a7a\" data-element_type=\"widget\" data-e-type=\"widget\" data-widget_type=\"text-editor.default\">\n\t\t\t\t<div class=\"elementor-widget-container\">\n\t\t\t\t\t\t\t\t\t<p>Lista Final de Convocados para Matr\u00edcula: <a href=\"https:\/\/adesampa.com.br\/adeeditais\/wp-content\/uploads\/2026\/03\/SEI-153738119-Ata-pdf-D4Sign-1.pdf\" target=\"_blank\" rel=\"noopener\">Clique aqui<\/a><\/p>\t\t\t\t\t\t\t\t<\/div>\n\t\t\t\t<\/div>\n\t\t\t\t<\/div>\n\t\t\t\t\t<\/div>\n\t\t\t\t<\/div>\n\t\t\t\t<\/div>\n\t\t","protected":false},"excerpt":{"rendered":"<p>PROCESSO SELETIVO 02\/2026 Edital: Clique aqui Inscri\u00e7\u00e3o: Clique aqui D\u00favidas&hellip;<\/p>\n<p> <a class=\"more-link\" href=\"https:\/\/adesampa.com.br\/hubsampagames\/processo-seletivo-02-2026\/\">Leia mais<\/a><\/p>\n","protected":false},"author":4,"featured_media":0,"parent":0,"menu_order":0,"comment_status":"closed","ping_status":"closed","template":"elementor_header_footer","meta":{"footnotes":""},"class_list":["post-14027","page","type-page","status-publish"],"_links":{"self":[{"href":"https:\/\/adesampa.com.br\/hubsampagames\/wp-json\/wp\/v2\/pages\/14027","targetHints":{"allow":["GET"]}}],"collection":[{"href":"https:\/\/adesampa.com.br\/hubsampagames\/wp-json\/wp\/v2\/pages"}],"about":[{"href":"https:\/\/adesampa.com.br\/hubsampagames\/wp-json\/wp\/v2\/types\/page"}],"author":[{"embeddable":true,"href":"https:\/\/adesampa.com.br\/hubsampagames\/wp-json\/wp\/v2\/users\/4"}],"replies":[{"embeddable":true,"href":"https:\/\/adesampa.com.br\/hubsampagames\/wp-json\/wp\/v2\/comments?post=14027"}],"version-history":[{"count":25,"href":"https:\/\/adesampa.com.br\/hubsampagames\/wp-json\/wp\/v2\/pages\/14027\/revisions"}],"predecessor-version":[{"id":14251,"href":"https:\/\/adesampa.com.br\/hubsampagames\/wp-json\/wp\/v2\/pages\/14027\/revisions\/14251"}],"wp:attachment":[{"href":"https:\/\/adesampa.com.br\/hubsampagames\/wp-json\/wp\/v2\/media?parent=14027"}],"curies":[{"name":"wp","href":"https:\/\/api.w.org\/{rel}","templated":true}]}}