{"id":12247,"date":"2025-11-10T16:01:36","date_gmt":"2025-11-10T19:01:36","guid":{"rendered":"https:\/\/adesampa.com.br\/dev\/?page_id=12247"},"modified":"2025-11-13T18:21:54","modified_gmt":"2025-11-13T21:21:54","slug":"contato","status":"publish","type":"page","link":"https:\/\/adesampa.com.br\/fashionsampa\/contato\/","title":{"rendered":"Contato"},"content":{"rendered":"\t\t<div data-elementor-type=\"wp-page\" data-elementor-id=\"12247\" class=\"elementor elementor-12247\">\n\t\t\t\t<div class=\"elementor-element elementor-element-c987536 e-flex e-con-boxed e-con e-parent\" data-id=\"c987536\" data-element_type=\"container\" data-e-type=\"container\" data-settings=\"{&quot;background_background&quot;:&quot;classic&quot;}\">\n\t\t\t\t\t<div class=\"e-con-inner\">\n\t\t\t\t<div class=\"elementor-element elementor-element-31c6f4b elementor-widget elementor-widget-heading\" data-id=\"31c6f4b\" data-element_type=\"widget\" data-e-type=\"widget\" data-widget_type=\"heading.default\">\n\t\t\t\t\t<h2 class=\"elementor-heading-title elementor-size-default\">CONTATO<\/h2>\t\t\t\t<\/div>\n\t\t\t\t\t<\/div>\n\t\t\t\t<\/div>\n\t\t<div class=\"elementor-element elementor-element-bd9e2e7 e-flex e-con-boxed e-con e-parent\" data-id=\"bd9e2e7\" data-element_type=\"container\" data-e-type=\"container\">\n\t\t\t\t\t<div class=\"e-con-inner\">\n\t\t\t\t<div class=\"elementor-element elementor-element-a669419 elementor-widget elementor-widget-spacer\" data-id=\"a669419\" data-element_type=\"widget\" data-e-type=\"widget\" data-widget_type=\"spacer.default\">\n\t\t\t\t\t\t\t<div class=\"elementor-spacer\">\n\t\t\t<div class=\"elementor-spacer-inner\"><\/div>\n\t\t<\/div>\n\t\t\t\t\t\t<\/div>\n\t\t\t\t\t<\/div>\n\t\t\t\t<\/div>\n\t\t<div class=\"elementor-element elementor-element-6d37995 e-flex e-con-boxed e-con e-parent\" data-id=\"6d37995\" data-element_type=\"container\" data-e-type=\"container\">\n\t\t\t\t\t<div class=\"e-con-inner\">\n\t\t<div class=\"elementor-element elementor-element-4c75f35 e-con-full e-flex e-con e-child\" data-id=\"4c75f35\" data-element_type=\"container\" data-e-type=\"container\">\n\t\t\t\t<div class=\"elementor-element elementor-element-ef5771c elementor-widget elementor-widget-heading\" data-id=\"ef5771c\" data-element_type=\"widget\" data-e-type=\"widget\" data-widget_type=\"heading.default\">\n\t\t\t\t\t<h2 class=\"elementor-heading-title elementor-size-default\">Tem alguma d\u00favida ou sugest\u00e3o?<\/h2>\t\t\t\t<\/div>\n\t\t\t\t<div class=\"elementor-element elementor-element-f844e61 elementor-widget__width-initial elementor-widget elementor-widget-text-editor\" data-id=\"f844e61\" data-element_type=\"widget\" data-e-type=\"widget\" data-widget_type=\"text-editor.default\">\n\t\t\t\t\t\t\t\t\t<p>Se precisar de informa\u00e7\u00f5es sobre o programa, inscri\u00e7\u00e3o ou etapas do <strong>Fashion Sampa: Acelerando Moda e Costura<\/strong>, mande um e-mail para:<\/p>\t\t\t\t\t\t\t\t<\/div>\n\t\t\t\t<div class=\"elementor-element elementor-element-70bec29 elementor-widget elementor-widget-text-editor\" data-id=\"70bec29\" data-element_type=\"widget\" data-e-type=\"widget\" data-widget_type=\"text-editor.default\">\n\t\t\t\t\t\t\t\t\t<p>cadeiatextil@adesampa.com.br<\/p>\t\t\t\t\t\t\t\t<\/div>\n\t\t\t\t<div class=\"elementor-element elementor-element-0579193 elementor-widget elementor-widget-text-editor\" data-id=\"0579193\" data-element_type=\"widget\" data-e-type=\"widget\" data-widget_type=\"text-editor.default\">\n\t\t\t\t\t\t\t\t\t<p><span style=\"font-weight: 400;\">N\u00f3s iremos te ajudar!<\/span><\/p>\t\t\t\t\t\t\t\t<\/div>\n\t\t\t\t<\/div>\n\t\t<div class=\"elementor-element elementor-element-03d0c24 e-con-full elementor-hidden-tablet elementor-hidden-mobile e-flex e-con e-child\" data-id=\"03d0c24\" data-element_type=\"container\" data-e-type=\"container\">\n\t\t\t\t<div class=\"elementor-element elementor-element-71e93c6 elementor-widget elementor-widget-image\" data-id=\"71e93c6\" data-element_type=\"widget\" data-e-type=\"widget\" data-widget_type=\"image.default\">\n\t\t\t\t\t\t\t\t\t\t\t\t\t\t\t<img fetchpriority=\"high\" decoding=\"async\" width=\"800\" height=\"741\" src=\"https:\/\/adesampa.com.br\/fashionsampa\/wp-content\/uploads\/2025\/11\/2-\u2013-Contato-1024x948.png\" class=\"attachment-large size-large wp-image-12250\" alt=\"\" srcset=\"https:\/\/adesampa.com.br\/fashionsampa\/wp-content\/uploads\/2025\/11\/2-\u2013-Contato-1024x948.png 1024w, https:\/\/adesampa.com.br\/fashionsampa\/wp-content\/uploads\/2025\/11\/2-\u2013-Contato-300x278.png 300w, https:\/\/adesampa.com.br\/fashionsampa\/wp-content\/uploads\/2025\/11\/2-\u2013-Contato-768x711.png 768w, https:\/\/adesampa.com.br\/fashionsampa\/wp-content\/uploads\/2025\/11\/2-\u2013-Contato.png 1178w\" sizes=\"(max-width: 800px) 100vw, 800px\" \/>\t\t\t\t\t\t\t\t\t\t\t\t\t\t\t<\/div>\n\t\t\t\t<\/div>\n\t\t\t\t\t<\/div>\n\t\t\t\t<\/div>\n\t\t<div class=\"elementor-element elementor-element-6758849 e-flex e-con-boxed e-con e-parent\" data-id=\"6758849\" data-element_type=\"container\" data-e-type=\"container\">\n\t\t\t\t\t<div class=\"e-con-inner\">\n\t\t\t\t<div class=\"elementor-element elementor-element-4214cf8 elementor-widget elementor-widget-spacer\" data-id=\"4214cf8\" data-element_type=\"widget\" data-e-type=\"widget\" data-widget_type=\"spacer.default\">\n\t\t\t\t\t\t\t<div class=\"elementor-spacer\">\n\t\t\t<div class=\"elementor-spacer-inner\"><\/div>\n\t\t<\/div>\n\t\t\t\t\t\t<\/div>\n\t\t\t\t\t<\/div>\n\t\t\t\t<\/div>\n\t\t\t\t<\/div>\n\t\t","protected":false},"excerpt":{"rendered":"<p>CONTATO Tem alguma d\u00favida ou sugest\u00e3o? Se precisar de informa\u00e7\u00f5es&hellip;<\/p>\n<p> <a class=\"more-link\" href=\"https:\/\/adesampa.com.br\/fashionsampa\/contato\/\">Read more<\/a><\/p>\n","protected":false},"author":2,"featured_media":0,"parent":0,"menu_order":0,"comment_status":"closed","ping_status":"closed","template":"elementor_header_footer","meta":{"footnotes":""},"class_list":["post-12247","page","type-page","status-publish"],"_links":{"self":[{"href":"https:\/\/adesampa.com.br\/fashionsampa\/wp-json\/wp\/v2\/pages\/12247","targetHints":{"allow":["GET"]}}],"collection":[{"href":"https:\/\/adesampa.com.br\/fashionsampa\/wp-json\/wp\/v2\/pages"}],"about":[{"href":"https:\/\/adesampa.com.br\/fashionsampa\/wp-json\/wp\/v2\/types\/page"}],"author":[{"embeddable":true,"href":"https:\/\/adesampa.com.br\/fashionsampa\/wp-json\/wp\/v2\/users\/2"}],"replies":[{"embeddable":true,"href":"https:\/\/adesampa.com.br\/fashionsampa\/wp-json\/wp\/v2\/comments?post=12247"}],"version-history":[{"count":0,"href":"https:\/\/adesampa.com.br\/fashionsampa\/wp-json\/wp\/v2\/pages\/12247\/revisions"}],"wp:attachment":[{"href":"https:\/\/adesampa.com.br\/fashionsampa\/wp-json\/wp\/v2\/media?parent=12247"}],"curies":[{"name":"wp","href":"https:\/\/api.w.org\/{rel}","templated":true}]}}