{"id":12192,"date":"2025-11-10T14:07:42","date_gmt":"2025-11-10T17:07:42","guid":{"rendered":"https:\/\/adesampa.com.br\/dev\/?page_id=12192"},"modified":"2025-11-14T10:44:22","modified_gmt":"2025-11-14T13:44:22","slug":"sobre","status":"publish","type":"page","link":"https:\/\/adesampa.com.br\/fashionsampa\/sobre\/","title":{"rendered":"Sobre"},"content":{"rendered":"\t\t<div data-elementor-type=\"wp-page\" data-elementor-id=\"12192\" class=\"elementor elementor-12192\">\n\t\t\t\t<div class=\"elementor-element elementor-element-c987536 elementor-hidden-tablet e-flex e-con-boxed e-con e-parent\" data-id=\"c987536\" data-element_type=\"container\" data-e-type=\"container\" data-settings=\"{&quot;background_background&quot;:&quot;classic&quot;}\">\n\t\t\t\t\t<div class=\"e-con-inner\">\n\t\t\t\t<div class=\"elementor-element elementor-element-31c6f4b elementor-widget elementor-widget-heading\" data-id=\"31c6f4b\" data-element_type=\"widget\" data-e-type=\"widget\" data-widget_type=\"heading.default\">\n\t\t\t\t\t<h2 class=\"elementor-heading-title elementor-size-default\">SOBRE<\/h2>\t\t\t\t<\/div>\n\t\t\t\t\t<\/div>\n\t\t\t\t<\/div>\n\t\t<div class=\"elementor-element elementor-element-11ad944 e-flex e-con-boxed e-con e-parent\" data-id=\"11ad944\" data-element_type=\"container\" data-e-type=\"container\">\n\t\t\t\t\t<div class=\"e-con-inner\">\n\t\t\t\t<div class=\"elementor-element elementor-element-7368e3d elementor-widget elementor-widget-spacer\" data-id=\"7368e3d\" data-element_type=\"widget\" data-e-type=\"widget\" data-widget_type=\"spacer.default\">\n\t\t\t\t\t\t\t<div class=\"elementor-spacer\">\n\t\t\t<div class=\"elementor-spacer-inner\"><\/div>\n\t\t<\/div>\n\t\t\t\t\t\t<\/div>\n\t\t\t\t<div class=\"elementor-element elementor-element-6f3ade9 elementor-widget elementor-widget-text-editor\" data-id=\"6f3ade9\" data-element_type=\"widget\" data-e-type=\"widget\" data-widget_type=\"text-editor.default\">\n\t\t\t\t\t\t\t\t\t<p>O <strong>Fashion Sampa: Acelerando Moda e Costura<\/strong> promove o fortalecimento e expans\u00e3o de micro e pequenos empreendimentos do setor da moda da cidade de S\u00e3o Paulo. A iniciativa oferece aporte financeiro de R$ 30 mil na forma de mobili\u00e1rio, maquin\u00e1rio, materiais e servi\u00e7os, al\u00e9m do desenvolvimento de planos de acelera\u00e7\u00e3o, orienta\u00e7\u00e3o t\u00e9cnica e gerencial individual e encontros coletivos no formato de capacita\u00e7\u00f5es e interc\u00e2mbios.<\/p><p>A segunda edi\u00e7\u00e3o da acelera\u00e7\u00e3o vai selecionar at\u00e9 25 (vinte e cinco) projetos de empreendimentos de moda de micro e pequeno porte como marcas, prestadores de servi\u00e7os, oficinas, grupos, coletivos, empresas, cooperativas ou associa\u00e7\u00f5es nos perfis de costura e\/ou modelagem, design de moda e produ\u00e7\u00e3o de t\u00eaxteis ou a partir de t\u00eaxteis.<\/p><p>Cada proposta dever\u00e1 se encaixar em um dos temas: gest\u00e3o e estrutura\u00e7\u00e3o de neg\u00f3cio; desenvolvimento de produto e identidade de moda; estrat\u00e9gia comercial e acesso a mercado; efici\u00eancia produtiva e qualidade; e moda sustent\u00e1vel e impacto socioambiental.<\/p><p>A iniciativa busca ampliar a capacidade institucional de micro e pequenos neg\u00f3cios do setor, possibilitar o desenvolvimento de pr\u00e1ticas e solu\u00e7\u00f5es sustent\u00e1veis para desafios da moda e cadeia t\u00eaxtil. Al\u00e9m disso, tem o objetivo de apoiar na estrutura\u00e7\u00e3o, funcionamento e gest\u00e3o desses empreendimentos para que possam participar de pol\u00edticas p\u00fablicas, ampliar mercados, realizar parcerias e identificar e acessar oportunidades de neg\u00f3cios.<\/p>\t\t\t\t\t\t\t\t<\/div>\n\t\t\t\t\t<\/div>\n\t\t\t\t<\/div>\n\t\t<div class=\"elementor-element elementor-element-6d37995 e-flex e-con-boxed e-con e-parent\" data-id=\"6d37995\" data-element_type=\"container\" data-e-type=\"container\">\n\t\t\t\t\t<div class=\"e-con-inner\">\n\t\t<div class=\"elementor-element elementor-element-4c75f35 e-con-full e-flex e-con e-child\" data-id=\"4c75f35\" data-element_type=\"container\" data-e-type=\"container\">\n\t\t\t\t<div class=\"elementor-element elementor-element-3d40fc0 elementor-widget elementor-widget-image\" data-id=\"3d40fc0\" data-element_type=\"widget\" data-e-type=\"widget\" data-widget_type=\"image.default\">\n\t\t\t\t\t\t\t\t\t\t\t\t\t\t\t<img fetchpriority=\"high\" decoding=\"async\" width=\"800\" height=\"670\" src=\"https:\/\/adesampa.com.br\/fashionsampa\/wp-content\/uploads\/2025\/11\/2-\u2013-Sobre-1024x857.png\" class=\"attachment-large size-large wp-image-12200\" alt=\"\" srcset=\"https:\/\/adesampa.com.br\/fashionsampa\/wp-content\/uploads\/2025\/11\/2-\u2013-Sobre-1024x857.png 1024w, https:\/\/adesampa.com.br\/fashionsampa\/wp-content\/uploads\/2025\/11\/2-\u2013-Sobre-300x251.png 300w, https:\/\/adesampa.com.br\/fashionsampa\/wp-content\/uploads\/2025\/11\/2-\u2013-Sobre-768x643.png 768w, https:\/\/adesampa.com.br\/fashionsampa\/wp-content\/uploads\/2025\/11\/2-\u2013-Sobre-1536x1286.png 1536w, https:\/\/adesampa.com.br\/fashionsampa\/wp-content\/uploads\/2025\/11\/2-\u2013-Sobre-2048x1714.png 2048w\" sizes=\"(max-width: 800px) 100vw, 800px\" \/>\t\t\t\t\t\t\t\t\t\t\t\t\t\t\t<\/div>\n\t\t\t\t<\/div>\n\t\t<div class=\"elementor-element elementor-element-03d0c24 e-con-full e-flex e-con e-child\" data-id=\"03d0c24\" data-element_type=\"container\" data-e-type=\"container\">\n\t\t\t\t<div class=\"elementor-element elementor-element-1eeda91 elementor-widget elementor-widget-text-editor\" data-id=\"1eeda91\" data-element_type=\"widget\" data-e-type=\"widget\" data-widget_type=\"text-editor.default\">\n\t\t\t\t\t\t\t\t\t<p>Os empreendimentos selecionados interessados dever\u00e3o comprovar atua\u00e7\u00e3o consolidada no munic\u00edpio de S\u00e3o Paulo h\u00e1, no m\u00ednimo, 2 (dois) anos. As propostas devem ser compostas por 2 (dois) proponentes (pessoa f\u00edsica) maiores de 18 (dezoito) anos e residentes na capital paulista. Ainda, os proponentes n\u00e3o podem estar inscritos no CADIN Municipal e devem comprovar posse ou autoriza\u00e7\u00e3o de uso do im\u00f3vel utilizado pelo neg\u00f3cio.<\/p><p><em>Empreendimentos de setores como tecnologia, audiovisual, games, sustentabilidade e agricultura n\u00e3o ser\u00e3o eleg\u00edveis nesta edi\u00e7\u00e3o, considerando a exist\u00eancia de programas espec\u00edficos da ADE SAMPA para estas \u00e1reas.<\/em><\/p>\t\t\t\t\t\t\t\t<\/div>\n\t\t\t\t<\/div>\n\t\t\t\t\t<\/div>\n\t\t\t\t<\/div>\n\t\t<div class=\"elementor-element elementor-element-70bdc32 e-flex e-con-boxed e-con e-parent\" data-id=\"70bdc32\" data-element_type=\"container\" data-e-type=\"container\">\n\t\t\t\t\t<div class=\"e-con-inner\">\n\t\t\t\t<div class=\"elementor-element elementor-element-2c07945 elementor-widget elementor-widget-spacer\" data-id=\"2c07945\" data-element_type=\"widget\" data-e-type=\"widget\" data-widget_type=\"spacer.default\">\n\t\t\t\t\t\t\t<div class=\"elementor-spacer\">\n\t\t\t<div class=\"elementor-spacer-inner\"><\/div>\n\t\t<\/div>\n\t\t\t\t\t\t<\/div>\n\t\t\t\t\t<\/div>\n\t\t\t\t<\/div>\n\t\t<div class=\"elementor-element elementor-element-f3f3b42 e-flex e-con-boxed e-con e-parent\" data-id=\"f3f3b42\" data-element_type=\"container\" data-e-type=\"container\" data-settings=\"{&quot;background_background&quot;:&quot;classic&quot;}\">\n\t\t\t\t\t<div class=\"e-con-inner\">\n\t\t<div class=\"elementor-element elementor-element-123606a e-con-full e-flex e-con e-child\" data-id=\"123606a\" data-element_type=\"container\" data-e-type=\"container\">\n\t\t\t\t<div class=\"elementor-element elementor-element-dc02b28 elementor-widget elementor-widget-spacer\" data-id=\"dc02b28\" data-element_type=\"widget\" data-e-type=\"widget\" data-widget_type=\"spacer.default\">\n\t\t\t\t\t\t\t<div class=\"elementor-spacer\">\n\t\t\t<div class=\"elementor-spacer-inner\"><\/div>\n\t\t<\/div>\n\t\t\t\t\t\t<\/div>\n\t\t\t\t<div class=\"elementor-element elementor-element-1ed52fe elementor-widget elementor-widget-heading\" data-id=\"1ed52fe\" data-element_type=\"widget\" data-e-type=\"widget\" data-widget_type=\"heading.default\">\n\t\t\t\t\t<h2 class=\"elementor-heading-title elementor-size-default\">REALIZA\u00c7\u00c3O<\/h2>\t\t\t\t<\/div>\n\t\t\t\t<div class=\"elementor-element elementor-element-d018d49 elementor-widget elementor-widget-text-editor\" data-id=\"d018d49\" data-element_type=\"widget\" data-e-type=\"widget\" data-widget_type=\"text-editor.default\">\n\t\t\t\t\t\t\t\t\t<p>O <strong>Fashion Sampa: Acelerando Moda e Costura<\/strong> \u00e9 operado pela ADE SAMPA e integra o programa Fashion Sampa, iniciativa da Prefeitura de S\u00e3o Paulo, por meio da Secretaria Municipal de Desenvolvimento Econ\u00f4mico e Trabalho.<\/p>\t\t\t\t\t\t\t\t<\/div>\n\t\t\t\t<div class=\"elementor-element elementor-element-66d5653 elementor-widget elementor-widget-heading\" data-id=\"66d5653\" data-element_type=\"widget\" data-e-type=\"widget\" data-widget_type=\"heading.default\">\n\t\t\t\t\t<h2 class=\"elementor-heading-title elementor-size-default\">ADE SAMPA<\/h2>\t\t\t\t<\/div>\n\t\t\t\t<div class=\"elementor-element elementor-element-e177517 elementor-widget elementor-widget-text-editor\" data-id=\"e177517\" data-element_type=\"widget\" data-e-type=\"widget\" data-widget_type=\"text-editor.default\">\n\t\t\t\t\t\t\t\t\t<p>A <strong>Ag\u00eancia S\u00e3o Paulo de Desenvolvimento<\/strong> promove pol\u00edticas p\u00fablicas que contribuem para a redu\u00e7\u00e3o de desigualdades econ\u00f4micas, aumentando a competitividade e fomentando a gera\u00e7\u00e3o de emprego e renda na cidade de S\u00e3o Paulo. Com a\u00e7\u00f5es e programas voltados para empreendedorismo, inova\u00e7\u00e3o, tecnologia e sustentabilidade, oferece cursos e capacita\u00e7\u00f5es, acelera\u00e7\u00e3o de neg\u00f3cios, atendimento para MEIs, espa\u00e7os de trabalho gratuitos, est\u00fadios de podcasts e orienta\u00e7\u00e3o para obten\u00e7\u00e3o de cr\u00e9dito.<\/p>\t\t\t\t\t\t\t\t<\/div>\n\t\t<div class=\"elementor-element elementor-element-20271cb e-con-full e-grid e-con e-child\" data-id=\"20271cb\" data-element_type=\"container\" data-e-type=\"container\">\n\t\t\t\t<div class=\"elementor-element elementor-element-8c3a8e8 elementor-widget elementor-widget-button\" data-id=\"8c3a8e8\" data-element_type=\"widget\" data-e-type=\"widget\" data-widget_type=\"button.default\">\n\t\t\t\t\t\t\t\t\t\t<a class=\"elementor-button elementor-button-link elementor-size-sm\" href=\"https:\/\/adesampa.com.br\/fashionsampa\/edital\/\">\n\t\t\t\t\t\t<span class=\"elementor-button-content-wrapper\">\n\t\t\t\t\t\t\t\t\t<span class=\"elementor-button-text\">LEIA O EDITAL<\/span>\n\t\t\t\t\t<\/span>\n\t\t\t\t\t<\/a>\n\t\t\t\t\t\t\t\t<\/div>\n\t\t\t\t<div class=\"elementor-element elementor-element-c8a4bee elementor-widget elementor-widget-button\" data-id=\"c8a4bee\" data-element_type=\"widget\" data-e-type=\"widget\" data-widget_type=\"button.default\">\n\t\t\t\t\t\t\t\t\t\t<a class=\"elementor-button elementor-button-link elementor-size-sm\" href=\"https:\/\/docs.google.com\/forms\/d\/e\/1FAIpQLSdTKfgJePAqOTkzd36GMVCe-Pd9hmKKzuHIpm3BMe9xhcJNLA\/viewform\">\n\t\t\t\t\t\t<span class=\"elementor-button-content-wrapper\">\n\t\t\t\t\t\t\t\t\t<span class=\"elementor-button-text\">INSCREVA-SE<\/span>\n\t\t\t\t\t<\/span>\n\t\t\t\t\t<\/a>\n\t\t\t\t\t\t\t\t<\/div>\n\t\t\t\t<\/div>\n\t\t\t\t<div class=\"elementor-element elementor-element-a38537e elementor-widget elementor-widget-spacer\" data-id=\"a38537e\" data-element_type=\"widget\" data-e-type=\"widget\" data-widget_type=\"spacer.default\">\n\t\t\t\t\t\t\t<div class=\"elementor-spacer\">\n\t\t\t<div class=\"elementor-spacer-inner\"><\/div>\n\t\t<\/div>\n\t\t\t\t\t\t<\/div>\n\t\t\t\t<\/div>\n\t\t\t\t\t<\/div>\n\t\t\t\t<\/div>\n\t\t\t\t<\/div>\n\t\t","protected":false},"excerpt":{"rendered":"<p>SOBRE O Fashion Sampa: Acelerando Moda e Costura promove o&hellip;<\/p>\n<p> <a class=\"more-link\" href=\"https:\/\/adesampa.com.br\/fashionsampa\/sobre\/\">Read more<\/a><\/p>\n","protected":false},"author":2,"featured_media":0,"parent":0,"menu_order":0,"comment_status":"closed","ping_status":"closed","template":"elementor_header_footer","meta":{"footnotes":""},"class_list":["post-12192","page","type-page","status-publish"],"_links":{"self":[{"href":"https:\/\/adesampa.com.br\/fashionsampa\/wp-json\/wp\/v2\/pages\/12192","targetHints":{"allow":["GET"]}}],"collection":[{"href":"https:\/\/adesampa.com.br\/fashionsampa\/wp-json\/wp\/v2\/pages"}],"about":[{"href":"https:\/\/adesampa.com.br\/fashionsampa\/wp-json\/wp\/v2\/types\/page"}],"author":[{"embeddable":true,"href":"https:\/\/adesampa.com.br\/fashionsampa\/wp-json\/wp\/v2\/users\/2"}],"replies":[{"embeddable":true,"href":"https:\/\/adesampa.com.br\/fashionsampa\/wp-json\/wp\/v2\/comments?post=12192"}],"version-history":[{"count":0,"href":"https:\/\/adesampa.com.br\/fashionsampa\/wp-json\/wp\/v2\/pages\/12192\/revisions"}],"wp:attachment":[{"href":"https:\/\/adesampa.com.br\/fashionsampa\/wp-json\/wp\/v2\/media?parent=12192"}],"curies":[{"name":"wp","href":"https:\/\/api.w.org\/{rel}","templated":true}]}}