{"id":12224,"date":"2026-01-06T17:47:36","date_gmt":"2026-01-06T20:47:36","guid":{"rendered":"https:\/\/adesampa.com.br\/fabricadenegocios\/?page_id=12224"},"modified":"2026-01-12T17:01:25","modified_gmt":"2026-01-12T20:01:25","slug":"contato","status":"publish","type":"page","link":"https:\/\/adesampa.com.br\/fabricadenegocios\/contato\/","title":{"rendered":"Contato"},"content":{"rendered":"\t\t<div data-elementor-type=\"wp-post\" data-elementor-id=\"12224\" class=\"elementor elementor-12224\">\n\t\t\t\t<div class=\"elementor-element elementor-element-9aa5b76 e-con-full e-flex e-con e-parent\" data-id=\"9aa5b76\" data-element_type=\"container\" data-e-type=\"container\" id=\"home\" data-settings=\"{&quot;background_background&quot;:&quot;classic&quot;}\">\n\t\t<div class=\"elementor-element elementor-element-ee10e4b e-flex e-con-boxed e-con e-child\" data-id=\"ee10e4b\" data-element_type=\"container\" data-e-type=\"container\">\n\t\t\t\t\t<div class=\"e-con-inner\">\n\t\t\t\t<div class=\"elementor-element elementor-element-84a773f elementor-widget elementor-widget-heading\" data-id=\"84a773f\" data-element_type=\"widget\" data-e-type=\"widget\" data-widget_type=\"heading.default\">\n\t\t\t\t\t<h2 class=\"elementor-heading-title elementor-size-default\">Contato<\/h2>\t\t\t\t<\/div>\n\t\t\t\t\t<\/div>\n\t\t\t\t<\/div>\n\t\t\t\t<\/div>\n\t\t<div class=\"elementor-element elementor-element-10525ac e-con-full e-flex e-con e-parent\" data-id=\"10525ac\" data-element_type=\"container\" data-e-type=\"container\" data-settings=\"{&quot;background_background&quot;:&quot;classic&quot;}\">\n\t\t\t\t<div class=\"elementor-element elementor-element-e573ee7 elementor-widget elementor-widget-spacer\" data-id=\"e573ee7\" data-element_type=\"widget\" data-e-type=\"widget\" data-widget_type=\"spacer.default\">\n\t\t\t\t\t\t\t<div class=\"elementor-spacer\">\n\t\t\t<div class=\"elementor-spacer-inner\"><\/div>\n\t\t<\/div>\n\t\t\t\t\t\t<\/div>\n\t\t\t\t<\/div>\n\t\t<div class=\"elementor-element elementor-element-ce9817e e-con-full e-flex e-con e-parent\" data-id=\"ce9817e\" data-element_type=\"container\" data-e-type=\"container\" data-settings=\"{&quot;background_background&quot;:&quot;classic&quot;}\">\n\t\t<div class=\"elementor-element elementor-element-cd04533 e-con-full e-flex e-con e-child\" data-id=\"cd04533\" data-element_type=\"container\" data-e-type=\"container\" data-settings=\"{&quot;background_background&quot;:&quot;classic&quot;}\">\n\t\t\t\t<div class=\"elementor-element elementor-element-b8d969a elementor-widget__width-initial elementor-widget elementor-widget-heading\" data-id=\"b8d969a\" data-element_type=\"widget\" data-e-type=\"widget\" data-widget_type=\"heading.default\">\n\t\t\t\t\t<h2 class=\"elementor-heading-title elementor-size-default\">Este \u00e9 o seu espa\u00e7o de contato com a equipe do F\u00e1brica de Neg\u00f3cios!<\/h2>\t\t\t\t<\/div>\n\t\t\t\t<div class=\"elementor-element elementor-element-46e4a49 elementor-widget__width-initial elementor-widget elementor-widget-text-editor\" data-id=\"46e4a49\" data-element_type=\"widget\" data-e-type=\"widget\" data-widget_type=\"text-editor.default\">\n\t\t\t\t\t\t\t\t\t<p>Se voc\u00ea tem alguma d\u00favida, sugest\u00e3o ou elogio, mande um e-mail para:<\/p>\t\t\t\t\t\t\t\t<\/div>\n\t\t\t\t<div class=\"elementor-element elementor-element-87c4429 elementor-widget elementor-widget-text-editor\" data-id=\"87c4429\" data-element_type=\"widget\" data-e-type=\"widget\" data-widget_type=\"text-editor.default\">\n\t\t\t\t\t\t\t\t\t<p>cursos@adesampa.com.br<\/p>\t\t\t\t\t\t\t\t<\/div>\n\t\t\t\t<div class=\"elementor-element elementor-element-7108d5b elementor-widget elementor-widget-text-editor\" data-id=\"7108d5b\" data-element_type=\"widget\" data-e-type=\"widget\" data-widget_type=\"text-editor.default\">\n\t\t\t\t\t\t\t\t\t<p>N\u00f3s iremos te ajudar!<\/p>\t\t\t\t\t\t\t\t<\/div>\n\t\t\t\t<\/div>\n\t\t<div class=\"elementor-element elementor-element-5ef3e93 e-con-full e-flex e-con e-child\" data-id=\"5ef3e93\" data-element_type=\"container\" data-e-type=\"container\" data-settings=\"{&quot;background_background&quot;:&quot;classic&quot;}\">\n\t\t\t\t<div class=\"elementor-element elementor-element-d430d52 elementor-hidden-tablet elementor-hidden-mobile elementor-widget elementor-widget-image\" data-id=\"d430d52\" data-element_type=\"widget\" data-e-type=\"widget\" data-widget_type=\"image.default\">\n\t\t\t\t\t\t\t\t\t\t\t\t\t\t\t<img fetchpriority=\"high\" decoding=\"async\" width=\"800\" height=\"741\" src=\"https:\/\/adesampa.com.br\/fabricadenegocios\/wp-content\/uploads\/2026\/01\/Contato-1024x948.png\" class=\"attachment-large size-large wp-image-12232\" alt=\"\" srcset=\"https:\/\/adesampa.com.br\/fabricadenegocios\/wp-content\/uploads\/2026\/01\/Contato-1024x948.png 1024w, https:\/\/adesampa.com.br\/fabricadenegocios\/wp-content\/uploads\/2026\/01\/Contato-300x278.png 300w, https:\/\/adesampa.com.br\/fabricadenegocios\/wp-content\/uploads\/2026\/01\/Contato-768x711.png 768w, https:\/\/adesampa.com.br\/fabricadenegocios\/wp-content\/uploads\/2026\/01\/Contato.png 1178w\" sizes=\"(max-width: 800px) 100vw, 800px\" \/>\t\t\t\t\t\t\t\t\t\t\t\t\t\t\t<\/div>\n\t\t\t\t<\/div>\n\t\t\t\t<\/div>\n\t\t<div class=\"elementor-element elementor-element-6c6531a e-flex e-con-boxed e-con e-parent\" data-id=\"6c6531a\" data-element_type=\"container\" data-e-type=\"container\" data-settings=\"{&quot;background_background&quot;:&quot;classic&quot;}\">\n\t\t\t\t\t<div class=\"e-con-inner\">\n\t\t\t\t<div class=\"elementor-element elementor-element-3966fd2 elementor-widget elementor-widget-spacer\" data-id=\"3966fd2\" data-element_type=\"widget\" data-e-type=\"widget\" data-widget_type=\"spacer.default\">\n\t\t\t\t\t\t\t<div class=\"elementor-spacer\">\n\t\t\t<div class=\"elementor-spacer-inner\"><\/div>\n\t\t<\/div>\n\t\t\t\t\t\t<\/div>\n\t\t\t\t\t<\/div>\n\t\t\t\t<\/div>\n\t\t\t\t<\/div>\n\t\t","protected":false},"excerpt":{"rendered":"<p>Contato Este \u00e9 o seu espa\u00e7o de contato com a&hellip;<\/p>\n<p> <a class=\"more-link\" href=\"https:\/\/adesampa.com.br\/fabricadenegocios\/contato\/\">Read more<\/a><\/p>\n","protected":false},"author":2,"featured_media":0,"parent":0,"menu_order":0,"comment_status":"closed","ping_status":"closed","template":"","meta":{"footnotes":""},"class_list":["post-12224","page","type-page","status-publish"],"_links":{"self":[{"href":"https:\/\/adesampa.com.br\/fabricadenegocios\/wp-json\/wp\/v2\/pages\/12224","targetHints":{"allow":["GET"]}}],"collection":[{"href":"https:\/\/adesampa.com.br\/fabricadenegocios\/wp-json\/wp\/v2\/pages"}],"about":[{"href":"https:\/\/adesampa.com.br\/fabricadenegocios\/wp-json\/wp\/v2\/types\/page"}],"author":[{"embeddable":true,"href":"https:\/\/adesampa.com.br\/fabricadenegocios\/wp-json\/wp\/v2\/users\/2"}],"replies":[{"embeddable":true,"href":"https:\/\/adesampa.com.br\/fabricadenegocios\/wp-json\/wp\/v2\/comments?post=12224"}],"version-history":[{"count":37,"href":"https:\/\/adesampa.com.br\/fabricadenegocios\/wp-json\/wp\/v2\/pages\/12224\/revisions"}],"predecessor-version":[{"id":12652,"href":"https:\/\/adesampa.com.br\/fabricadenegocios\/wp-json\/wp\/v2\/pages\/12224\/revisions\/12652"}],"wp:attachment":[{"href":"https:\/\/adesampa.com.br\/fabricadenegocios\/wp-json\/wp\/v2\/media?parent=12224"}],"curies":[{"name":"wp","href":"https:\/\/api.w.org\/{rel}","templated":true}]}}