{"id":12189,"date":"2025-09-24T16:50:15","date_gmt":"2025-09-24T19:50:15","guid":{"rendered":"https:\/\/adesampa.com.br\/dev\/?page_id=12189"},"modified":"2025-09-30T17:50:06","modified_gmt":"2025-09-30T20:50:06","slug":"sobre","status":"publish","type":"page","link":"https:\/\/adesampa.com.br\/amplificacine\/sobre\/","title":{"rendered":"Sobre"},"content":{"rendered":"\t\t<div data-elementor-type=\"wp-page\" data-elementor-id=\"12189\" class=\"elementor elementor-12189\">\n\t\t\t\t<div class=\"elementor-element elementor-element-a60b429 e-con-full elementor-hidden-tablet elementor-hidden-mobile e-flex e-con e-parent\" data-id=\"a60b429\" data-element_type=\"container\" data-e-type=\"container\" data-settings=\"{&quot;background_background&quot;:&quot;classic&quot;}\">\n\t\t\t\t<div class=\"elementor-element elementor-element-e64f25c elementor-widget__width-inherit elementor-widget elementor-widget-heading\" data-id=\"e64f25c\" data-element_type=\"widget\" data-e-type=\"widget\" data-widget_type=\"heading.default\">\n\t\t\t\t\t<h2 class=\"elementor-heading-title elementor-size-default\">Sobre o Amplifica Cine<\/h2>\t\t\t\t<\/div>\n\t\t\t\t<\/div>\n\t\t<div class=\"elementor-element elementor-element-45f3052 e-con-full elementor-hidden-desktop e-flex e-con e-parent\" data-id=\"45f3052\" data-element_type=\"container\" data-e-type=\"container\" data-settings=\"{&quot;background_background&quot;:&quot;classic&quot;}\">\n\t\t\t\t<div class=\"elementor-element elementor-element-d798ed3 elementor-widget__width-inherit elementor-widget elementor-widget-heading\" data-id=\"d798ed3\" data-element_type=\"widget\" data-e-type=\"widget\" data-widget_type=\"heading.default\">\n\t\t\t\t\t<h2 class=\"elementor-heading-title elementor-size-default\">Sobre o Amplifica Cine<\/h2>\t\t\t\t<\/div>\n\t\t\t\t<\/div>\n\t\t<div class=\"elementor-element elementor-element-233ae02 elementor-hidden-tablet elementor-hidden-mobile e-flex e-con-boxed e-con e-parent\" data-id=\"233ae02\" data-element_type=\"container\" data-e-type=\"container\">\n\t\t\t\t\t<div class=\"e-con-inner\">\n\t\t\t\t<div class=\"elementor-element elementor-element-3039d0d elementor-widget elementor-widget-spacer\" data-id=\"3039d0d\" data-element_type=\"widget\" data-e-type=\"widget\" data-widget_type=\"spacer.default\">\n\t\t\t\t\t\t\t<div class=\"elementor-spacer\">\n\t\t\t<div class=\"elementor-spacer-inner\"><\/div>\n\t\t<\/div>\n\t\t\t\t\t\t<\/div>\n\t\t\t\t\t<\/div>\n\t\t\t\t<\/div>\n\t\t<div class=\"elementor-element elementor-element-b3637e6 elementor-hidden-desktop e-flex e-con-boxed e-con e-parent\" data-id=\"b3637e6\" data-element_type=\"container\" data-e-type=\"container\">\n\t\t\t\t\t<div class=\"e-con-inner\">\n\t\t\t\t<div class=\"elementor-element elementor-element-c21a7df elementor-widget elementor-widget-spacer\" data-id=\"c21a7df\" data-element_type=\"widget\" data-e-type=\"widget\" data-widget_type=\"spacer.default\">\n\t\t\t\t\t\t\t<div class=\"elementor-spacer\">\n\t\t\t<div class=\"elementor-spacer-inner\"><\/div>\n\t\t<\/div>\n\t\t\t\t\t\t<\/div>\n\t\t\t\t\t<\/div>\n\t\t\t\t<\/div>\n\t\t<div class=\"elementor-element elementor-element-eb3ffeb elementor-hidden-tablet elementor-hidden-mobile e-flex e-con-boxed e-con e-parent\" data-id=\"eb3ffeb\" data-element_type=\"container\" data-e-type=\"container\">\n\t\t\t\t\t<div class=\"e-con-inner\">\n\t\t\t\t<div class=\"elementor-element elementor-element-7075d64 elementor-widget elementor-widget-text-editor\" data-id=\"7075d64\" data-element_type=\"widget\" data-e-type=\"widget\" data-widget_type=\"text-editor.default\">\n\t\t\t\t\t\t\t\t\t<p>O Programa de Acelera\u00e7\u00e3o Amplifica Cine tem o objetivo de estimular o potencial econ\u00f4mico e criativo do audiovisual da cidade de S\u00e3o Paulo e seu impacto no \u00e2mbito cultural e social. A iniciativa atua no desenvolvimento, financiamento e implementa\u00e7\u00e3o de a\u00e7\u00f5es para os setores de cinema, TV e novas m\u00eddias, prospectando o mercado para troca de experi\u00eancias e escoamento de produ\u00e7\u00e3o de produtos e servi\u00e7os do setor de audiovisual.<\/p><p>A quarta edi\u00e7\u00e3o do programa vai selecionar at\u00e9 25 neg\u00f3cios para uma acelera\u00e7\u00e3o de seis meses. Al\u00e9m do aporte financeiro de R$ 50 mil para cada empreendimento acelerado, o programa oferece oficinas de capacita\u00e7\u00e3o, mentorias individuais e personalizadas, fortalecimento das redes de contato e possibilidade de participa\u00e7\u00e3o em eventos nacionais e internacionais.<\/p>\t\t\t\t\t\t\t\t<\/div>\n\t\t\t\t\t<\/div>\n\t\t\t\t<\/div>\n\t\t<div class=\"elementor-element elementor-element-0c9a4e3 elementor-hidden-desktop e-flex e-con-boxed e-con e-parent\" data-id=\"0c9a4e3\" data-element_type=\"container\" data-e-type=\"container\">\n\t\t\t\t\t<div class=\"e-con-inner\">\n\t\t\t\t<div class=\"elementor-element elementor-element-23769d3 elementor-widget elementor-widget-text-editor\" data-id=\"23769d3\" data-element_type=\"widget\" data-e-type=\"widget\" data-widget_type=\"text-editor.default\">\n\t\t\t\t\t\t\t\t\t<p>O Programa de Acelera\u00e7\u00e3o Amplifica Cine tem o objetivo de estimular o potencial econ\u00f4mico e criativo do audiovisual da cidade de S\u00e3o Paulo e seu impacto no \u00e2mbito cultural e social. A iniciativa atua no desenvolvimento, financiamento e implementa\u00e7\u00e3o de a\u00e7\u00f5es para os setores de cinema, TV e novas m\u00eddias, prospectando o mercado para troca de experi\u00eancias e escoamento de produ\u00e7\u00e3o de produtos e servi\u00e7os do setor de audiovisual.<\/p><p>A quarta edi\u00e7\u00e3o do programa vai selecionar at\u00e9 25 neg\u00f3cios para uma acelera\u00e7\u00e3o de seis meses. Al\u00e9m do aporte financeiro de R$ 50 mil para cada empreendimento acelerado, o programa oferece oficinas de capacita\u00e7\u00e3o, mentorias individuais e personalizadas, fortalecimento das redes de contato e possibilidade de participa\u00e7\u00e3o em eventos nacionais e internacionais.<\/p>\t\t\t\t\t\t\t\t<\/div>\n\t\t\t\t\t<\/div>\n\t\t\t\t<\/div>\n\t\t<div class=\"elementor-element elementor-element-c699d7b elementor-hidden-tablet elementor-hidden-mobile e-flex e-con-boxed e-con e-parent\" data-id=\"c699d7b\" data-element_type=\"container\" data-e-type=\"container\">\n\t\t\t\t\t<div class=\"e-con-inner\">\n\t\t<div class=\"elementor-element elementor-element-b6974e0 e-con-full e-flex e-con e-child\" data-id=\"b6974e0\" data-element_type=\"container\" data-e-type=\"container\">\n\t\t\t\t<div class=\"elementor-element elementor-element-8a0a47f elementor-widget elementor-widget-image\" data-id=\"8a0a47f\" data-element_type=\"widget\" data-e-type=\"widget\" data-widget_type=\"image.default\">\n\t\t\t\t\t\t\t\t\t\t\t\t\t\t\t<img fetchpriority=\"high\" decoding=\"async\" width=\"390\" height=\"596\" src=\"https:\/\/adesampa.com.br\/amplificacine\/wp-content\/uploads\/2025\/09\/02-Persona.png\" class=\"attachment-full size-full wp-image-12201\" alt=\"\" srcset=\"https:\/\/adesampa.com.br\/amplificacine\/wp-content\/uploads\/2025\/09\/02-Persona.png 390w, https:\/\/adesampa.com.br\/amplificacine\/wp-content\/uploads\/2025\/09\/02-Persona-196x300.png 196w\" sizes=\"(max-width: 390px) 100vw, 390px\" \/>\t\t\t\t\t\t\t\t\t\t\t\t\t\t\t<\/div>\n\t\t\t\t<\/div>\n\t\t<div class=\"elementor-element elementor-element-57d2604 e-con-full e-flex e-con e-child\" data-id=\"57d2604\" data-element_type=\"container\" data-e-type=\"container\">\n\t\t\t\t<div class=\"elementor-element elementor-element-74c64f0 elementor-widget elementor-widget-text-editor\" data-id=\"74c64f0\" data-element_type=\"widget\" data-e-type=\"widget\" data-widget_type=\"text-editor.default\">\n\t\t\t\t\t\t\t\t\t<p><span style=\"font-weight: 400;\">O neg\u00f3cio selecionado dever\u00e1, obrigatoriamente, ser composto por dois integrantes, que dever\u00e3o participar de, no m\u00ednimo, 85% de todas as atividades propostas pelo programa (cada). Ambos precisam ser maiores de 18 anos no ato da inscri\u00e7\u00e3o e residir na cidade de S\u00e3o Paulo h\u00e1, pelo menos, dois anos.\u00a0<\/span><\/p><p><span style=\"font-weight: 400;\">O aporte financeiro dever\u00e1 ser utilizado conforme orienta\u00e7\u00f5es recebidas durante as assessorias a fim de melhorar os processos produtivos, tais como: compra de equipamentos, investimento em m\u00e3o-de-obra especializada, marketing e comunica\u00e7\u00e3o, entre outros conforme as necessidades surgidas durante o processo de acelera\u00e7\u00e3o.<\/span><\/p><p><i><span style=\"font-weight: 400;\">Empreendimentos de setores como tecnologia, economia verde, games, cadeias produtivas e moda\/costura n\u00e3o ser\u00e3o eleg\u00edveis nesta edi\u00e7\u00e3o, considerando a exist\u00eancia de programas espec\u00edficos da ADE SAMPA para estas \u00e1reas.<\/span><\/i><\/p>\t\t\t\t\t\t\t\t<\/div>\n\t\t\t\t<\/div>\n\t\t\t\t\t<\/div>\n\t\t\t\t<\/div>\n\t\t<div class=\"elementor-element elementor-element-ebbb47d elementor-hidden-mobile elementor-hidden-desktop e-flex e-con-boxed e-con e-parent\" data-id=\"ebbb47d\" data-element_type=\"container\" data-e-type=\"container\">\n\t\t\t\t\t<div class=\"e-con-inner\">\n\t\t\t\t<div class=\"elementor-element elementor-element-e13d93b elementor-widget elementor-widget-image\" data-id=\"e13d93b\" data-element_type=\"widget\" data-e-type=\"widget\" data-widget_type=\"image.default\">\n\t\t\t\t\t\t\t\t\t\t\t\t\t\t\t<img decoding=\"async\" width=\"335\" height=\"271\" src=\"https:\/\/adesampa.com.br\/amplificacine\/wp-content\/uploads\/2025\/09\/02-Persona-1.png\" class=\"attachment-large size-large wp-image-12711\" alt=\"\" srcset=\"https:\/\/adesampa.com.br\/amplificacine\/wp-content\/uploads\/2025\/09\/02-Persona-1.png 335w, https:\/\/adesampa.com.br\/amplificacine\/wp-content\/uploads\/2025\/09\/02-Persona-1-300x243.png 300w\" sizes=\"(max-width: 335px) 100vw, 335px\" \/>\t\t\t\t\t\t\t\t\t\t\t\t\t\t\t<\/div>\n\t\t\t\t\t<\/div>\n\t\t\t\t<\/div>\n\t\t<div class=\"elementor-element elementor-element-0b09640 elementor-hidden-desktop e-flex e-con-boxed e-con e-parent\" data-id=\"0b09640\" data-element_type=\"container\" data-e-type=\"container\">\n\t\t\t\t\t<div class=\"e-con-inner\">\n\t\t<div class=\"elementor-element elementor-element-25bdae5 e-con-full e-flex e-con e-child\" data-id=\"25bdae5\" data-element_type=\"container\" data-e-type=\"container\">\n\t\t\t\t<div class=\"elementor-element elementor-element-f2c623b elementor-hidden-tablet elementor-widget elementor-widget-image\" data-id=\"f2c623b\" data-element_type=\"widget\" data-e-type=\"widget\" data-widget_type=\"image.default\">\n\t\t\t\t\t\t\t\t\t\t\t\t\t\t\t<img decoding=\"async\" width=\"335\" height=\"271\" src=\"https:\/\/adesampa.com.br\/amplificacine\/wp-content\/uploads\/2025\/09\/02-Persona-1.png\" class=\"attachment-full size-full wp-image-12711\" alt=\"\" srcset=\"https:\/\/adesampa.com.br\/amplificacine\/wp-content\/uploads\/2025\/09\/02-Persona-1.png 335w, https:\/\/adesampa.com.br\/amplificacine\/wp-content\/uploads\/2025\/09\/02-Persona-1-300x243.png 300w\" sizes=\"(max-width: 335px) 100vw, 335px\" \/>\t\t\t\t\t\t\t\t\t\t\t\t\t\t\t<\/div>\n\t\t\t\t<\/div>\n\t\t<div class=\"elementor-element elementor-element-3868cdd e-con-full e-flex e-con e-child\" data-id=\"3868cdd\" data-element_type=\"container\" data-e-type=\"container\">\n\t\t\t\t<div class=\"elementor-element elementor-element-fcaf086 elementor-widget elementor-widget-text-editor\" data-id=\"fcaf086\" data-element_type=\"widget\" data-e-type=\"widget\" data-widget_type=\"text-editor.default\">\n\t\t\t\t\t\t\t\t\t<p><span style=\"font-weight: 400;\">O neg\u00f3cio selecionado dever\u00e1, obrigatoriamente, ser composto por dois integrantes, que dever\u00e3o participar de, no m\u00ednimo, 85% de todas as atividades propostas pelo programa (cada). Ambos precisam ser maiores de 18 anos no ato da inscri\u00e7\u00e3o e residir na cidade de S\u00e3o Paulo h\u00e1, pelo menos, dois anos.\u00a0<\/span><\/p><p><span style=\"font-weight: 400;\">O aporte financeiro dever\u00e1 ser utilizado conforme orienta\u00e7\u00f5es recebidas durante as assessorias a fim de melhorar os processos produtivos, tais como: compra de equipamentos, investimento em m\u00e3o-de-obra especializada, marketing e comunica\u00e7\u00e3o, entre outros conforme as necessidades surgidas durante o processo de acelera\u00e7\u00e3o.<\/span><\/p><p><i><span style=\"font-weight: 400;\">Empreendimentos de setores como tecnologia, economia verde, games, cadeias produtivas e moda\/costura n\u00e3o ser\u00e3o eleg\u00edveis nesta edi\u00e7\u00e3o, considerando a exist\u00eancia de programas espec\u00edficos da ADE SAMPA para estas \u00e1reas.<\/span><\/i><\/p>\t\t\t\t\t\t\t\t<\/div>\n\t\t\t\t<\/div>\n\t\t\t\t\t<\/div>\n\t\t\t\t<\/div>\n\t\t<div class=\"elementor-element elementor-element-ea8742c elementor-hidden-tablet elementor-hidden-mobile e-flex e-con-boxed e-con e-parent\" data-id=\"ea8742c\" data-element_type=\"container\" data-e-type=\"container\" data-settings=\"{&quot;background_background&quot;:&quot;classic&quot;}\">\n\t\t\t\t\t<div class=\"e-con-inner\">\n\t\t\t\t<div class=\"elementor-element elementor-element-178bf2d elementor-widget elementor-widget-heading\" data-id=\"178bf2d\" data-element_type=\"widget\" data-e-type=\"widget\" data-widget_type=\"heading.default\">\n\t\t\t\t\t<h2 class=\"elementor-heading-title elementor-size-default\">Realiza\u00e7\u00e3o\n<\/h2>\t\t\t\t<\/div>\n\t\t<div class=\"elementor-element elementor-element-2ffc2c8 e-con-full e-flex e-con e-child\" data-id=\"2ffc2c8\" data-element_type=\"container\" data-e-type=\"container\">\n\t\t\t\t<div class=\"elementor-element elementor-element-678dbc2 elementor-widget__width-initial elementor-widget elementor-widget-text-editor\" data-id=\"678dbc2\" data-element_type=\"widget\" data-e-type=\"widget\" data-widget_type=\"text-editor.default\">\n\t\t\t\t\t\t\t\t\t<p><span style=\"font-weight: 400;\">O <strong>Programa de Acelera\u00e7\u00e3o Amplifica Cine<\/strong> \u00e9 uma iniciativa da <strong>Prefeitura de S\u00e3o Paulo<\/strong> executada pela <strong>ADE SAMPA<\/strong> em parceria com a Spcine, empresa p\u00fablica de fomento ao audiovisual paulistano, entidades ligadas \u00e0s Secretarias Municipais de Desenvolvimento Econ\u00f4mico e Trabalho e Cultura, respectivamente.<\/span><\/p><p><b>ADE SAMPA<\/b><span style=\"font-weight: 400;\"> \u2013 A Ag\u00eancia S\u00e3o Paulo de Desenvolvimento promove pol\u00edticas p\u00fablicas que contribuem para a redu\u00e7\u00e3o de desigualdades econ\u00f4micas, aumentando a competitividade e fomentando a gera\u00e7\u00e3o de emprego e renda na cidade de S\u00e3o Paulo. Com a\u00e7\u00f5es e programas voltados para empreendedorismo, inova\u00e7\u00e3o, tecnologia e sustentabilidade, oferece cursos e capacita\u00e7\u00f5es, acelera\u00e7\u00e3o de neg\u00f3cios, atendimento para MEIs, espa\u00e7os de trabalho gratuitos, est\u00fadios de podcasts e orienta\u00e7\u00e3o para obten\u00e7\u00e3o de cr\u00e9dito.<\/span><\/p>\t\t\t\t\t\t\t\t<\/div>\n\t\t\t\t<\/div>\n\t\t<div class=\"elementor-element elementor-element-121b8e6 e-con-full e-flex e-con e-child\" data-id=\"121b8e6\" data-element_type=\"container\" data-e-type=\"container\">\n\t\t<div class=\"elementor-element elementor-element-6c9c7f4 e-grid e-con-full e-con e-child\" data-id=\"6c9c7f4\" data-element_type=\"container\" data-e-type=\"container\">\n\t\t\t\t<div class=\"elementor-element elementor-element-291ccd6 elementor-align-left elementor-widget__width-initial elementor-widget elementor-widget-button\" data-id=\"291ccd6\" data-element_type=\"widget\" data-e-type=\"widget\" data-widget_type=\"button.default\">\n\t\t\t\t\t\t\t\t\t\t<a class=\"elementor-button elementor-button-link elementor-size-sm\" href=\"https:\/\/adesampa.com.br\/amplificacine\/edital\/\">\n\t\t\t\t\t\t<span class=\"elementor-button-content-wrapper\">\n\t\t\t\t\t\t\t\t\t<span class=\"elementor-button-text\">Veja o edital<\/span>\n\t\t\t\t\t<\/span>\n\t\t\t\t\t<\/a>\n\t\t\t\t\t\t\t\t<\/div>\n\t\t\t\t<div class=\"elementor-element elementor-element-be57782 elementor-align-center elementor-widget__width-initial elementor-widget elementor-widget-button\" data-id=\"be57782\" data-element_type=\"widget\" data-e-type=\"widget\" data-widget_type=\"button.default\">\n\t\t\t\t\t\t\t\t\t\t<a class=\"elementor-button elementor-button-link elementor-size-sm\" href=\"https:\/\/forms.gle\/1uXV58QuG38PCN6p9\">\n\t\t\t\t\t\t<span class=\"elementor-button-content-wrapper\">\n\t\t\t\t\t\t\t\t\t<span class=\"elementor-button-text\">Inscreva-se<\/span>\n\t\t\t\t\t<\/span>\n\t\t\t\t\t<\/a>\n\t\t\t\t\t\t\t\t<\/div>\n\t\t\t\t<\/div>\n\t\t\t\t<\/div>\n\t\t<div class=\"elementor-element elementor-element-accce13 e-con-full e-flex e-con e-child\" data-id=\"accce13\" data-element_type=\"container\" data-e-type=\"container\">\n\t\t\t\t<div class=\"elementor-element elementor-element-ca205af elementor-widget elementor-widget-spacer\" data-id=\"ca205af\" data-element_type=\"widget\" data-e-type=\"widget\" data-widget_type=\"spacer.default\">\n\t\t\t\t\t\t\t<div class=\"elementor-spacer\">\n\t\t\t<div class=\"elementor-spacer-inner\"><\/div>\n\t\t<\/div>\n\t\t\t\t\t\t<\/div>\n\t\t\t\t<\/div>\n\t\t\t\t\t<\/div>\n\t\t\t\t<\/div>\n\t\t<div class=\"elementor-element elementor-element-dfb6721 elementor-hidden-desktop e-flex e-con-boxed e-con e-parent\" data-id=\"dfb6721\" data-element_type=\"container\" data-e-type=\"container\" data-settings=\"{&quot;background_background&quot;:&quot;classic&quot;}\">\n\t\t\t\t\t<div class=\"e-con-inner\">\n\t\t\t\t<div class=\"elementor-element elementor-element-57040a6 elementor-widget elementor-widget-spacer\" data-id=\"57040a6\" data-element_type=\"widget\" data-e-type=\"widget\" data-widget_type=\"spacer.default\">\n\t\t\t\t\t\t\t<div class=\"elementor-spacer\">\n\t\t\t<div class=\"elementor-spacer-inner\"><\/div>\n\t\t<\/div>\n\t\t\t\t\t\t<\/div>\n\t\t\t\t<div class=\"elementor-element elementor-element-9676df8 elementor-widget elementor-widget-heading\" data-id=\"9676df8\" data-element_type=\"widget\" data-e-type=\"widget\" data-widget_type=\"heading.default\">\n\t\t\t\t\t<h2 class=\"elementor-heading-title elementor-size-default\">Realiza\u00e7\u00e3o\n<\/h2>\t\t\t\t<\/div>\n\t\t<div class=\"elementor-element elementor-element-99de37a e-con-full e-flex e-con e-child\" data-id=\"99de37a\" data-element_type=\"container\" data-e-type=\"container\">\n\t\t\t\t<div class=\"elementor-element elementor-element-f298fff elementor-widget__width-initial elementor-widget elementor-widget-text-editor\" data-id=\"f298fff\" data-element_type=\"widget\" data-e-type=\"widget\" data-widget_type=\"text-editor.default\">\n\t\t\t\t\t\t\t\t\t<p><span style=\"font-weight: 400;\">O <strong>Programa de Acelera\u00e7\u00e3o Amplifica Cine<\/strong> \u00e9 uma iniciativa da <strong>Prefeitura de S\u00e3o Paulo<\/strong> executada pela <strong>ADE SAMPA<\/strong> em parceria com a Spcine, empresa p\u00fablica de fomento ao audiovisual paulistano, entidades ligadas \u00e0s Secretarias Municipais de Desenvolvimento Econ\u00f4mico e Trabalho e Cultura, respectivamente.<\/span><\/p><p><b>ADE SAMPA<\/b><span style=\"font-weight: 400;\"> \u2013 A Ag\u00eancia S\u00e3o Paulo de Desenvolvimento promove pol\u00edticas p\u00fablicas que contribuem para a redu\u00e7\u00e3o de desigualdades econ\u00f4micas, aumentando a competitividade e fomentando a gera\u00e7\u00e3o de emprego e renda na cidade de S\u00e3o Paulo. Com a\u00e7\u00f5es e programas voltados para empreendedorismo, inova\u00e7\u00e3o, tecnologia e sustentabilidade, oferece cursos e capacita\u00e7\u00f5es, acelera\u00e7\u00e3o de neg\u00f3cios, atendimento para MEIs, espa\u00e7os de trabalho gratuitos, est\u00fadios de podcasts e orienta\u00e7\u00e3o para obten\u00e7\u00e3o de cr\u00e9dito.<\/span><\/p>\t\t\t\t\t\t\t\t<\/div>\n\t\t\t\t<\/div>\n\t\t<div class=\"elementor-element elementor-element-ad8dbd8 e-con-full e-flex e-con e-child\" data-id=\"ad8dbd8\" data-element_type=\"container\" data-e-type=\"container\">\n\t\t<div class=\"elementor-element elementor-element-9b5c3f8 e-grid e-con-full e-con e-child\" data-id=\"9b5c3f8\" data-element_type=\"container\" data-e-type=\"container\">\n\t\t\t\t<div class=\"elementor-element elementor-element-0377de6 elementor-align-left elementor-widget__width-initial elementor-mobile-align-center elementor-widget-mobile__width-inherit elementor-widget elementor-widget-button\" data-id=\"0377de6\" data-element_type=\"widget\" data-e-type=\"widget\" data-widget_type=\"button.default\">\n\t\t\t\t\t\t\t\t\t\t<a class=\"elementor-button elementor-button-link elementor-size-sm\" href=\"https:\/\/adesampa.com.br\/amplificacine\/edital\/\">\n\t\t\t\t\t\t<span class=\"elementor-button-content-wrapper\">\n\t\t\t\t\t\t\t\t\t<span class=\"elementor-button-text\">Veja o edital<\/span>\n\t\t\t\t\t<\/span>\n\t\t\t\t\t<\/a>\n\t\t\t\t\t\t\t\t<\/div>\n\t\t\t\t<div class=\"elementor-element elementor-element-e0207ef elementor-align-center elementor-widget__width-initial elementor-mobile-align-center elementor-widget-mobile__width-inherit elementor-widget elementor-widget-button\" data-id=\"e0207ef\" data-element_type=\"widget\" data-e-type=\"widget\" data-widget_type=\"button.default\">\n\t\t\t\t\t\t\t\t\t\t<a class=\"elementor-button elementor-button-link elementor-size-sm\" href=\"https:\/\/forms.gle\/1uXV58QuG38PCN6p9\">\n\t\t\t\t\t\t<span class=\"elementor-button-content-wrapper\">\n\t\t\t\t\t\t\t\t\t<span class=\"elementor-button-text\">Inscreva-se<\/span>\n\t\t\t\t\t<\/span>\n\t\t\t\t\t<\/a>\n\t\t\t\t\t\t\t\t<\/div>\n\t\t\t\t<\/div>\n\t\t\t\t<\/div>\n\t\t<div class=\"elementor-element elementor-element-8c35c8d e-con-full e-flex e-con e-child\" data-id=\"8c35c8d\" data-element_type=\"container\" data-e-type=\"container\">\n\t\t\t\t<div class=\"elementor-element elementor-element-69f4b20 elementor-widget elementor-widget-spacer\" data-id=\"69f4b20\" data-element_type=\"widget\" data-e-type=\"widget\" data-widget_type=\"spacer.default\">\n\t\t\t\t\t\t\t<div class=\"elementor-spacer\">\n\t\t\t<div class=\"elementor-spacer-inner\"><\/div>\n\t\t<\/div>\n\t\t\t\t\t\t<\/div>\n\t\t\t\t<\/div>\n\t\t\t\t\t<\/div>\n\t\t\t\t<\/div>\n\t\t\t\t<\/div>\n\t\t","protected":false},"excerpt":{"rendered":"<p>Sobre o Amplifica Cine Sobre o Amplifica Cine O Programa&hellip;<\/p>\n<p> <a class=\"more-link\" href=\"https:\/\/adesampa.com.br\/amplificacine\/sobre\/\">Leia mais<\/a><\/p>\n","protected":false},"author":2,"featured_media":0,"parent":0,"menu_order":0,"comment_status":"closed","ping_status":"closed","template":"elementor_header_footer","meta":{"footnotes":""},"class_list":["post-12189","page","type-page","status-publish"],"_links":{"self":[{"href":"https:\/\/adesampa.com.br\/amplificacine\/wp-json\/wp\/v2\/pages\/12189","targetHints":{"allow":["GET"]}}],"collection":[{"href":"https:\/\/adesampa.com.br\/amplificacine\/wp-json\/wp\/v2\/pages"}],"about":[{"href":"https:\/\/adesampa.com.br\/amplificacine\/wp-json\/wp\/v2\/types\/page"}],"author":[{"embeddable":true,"href":"https:\/\/adesampa.com.br\/amplificacine\/wp-json\/wp\/v2\/users\/2"}],"replies":[{"embeddable":true,"href":"https:\/\/adesampa.com.br\/amplificacine\/wp-json\/wp\/v2\/comments?post=12189"}],"version-history":[{"count":95,"href":"https:\/\/adesampa.com.br\/amplificacine\/wp-json\/wp\/v2\/pages\/12189\/revisions"}],"predecessor-version":[{"id":13173,"href":"https:\/\/adesampa.com.br\/amplificacine\/wp-json\/wp\/v2\/pages\/12189\/revisions\/13173"}],"wp:attachment":[{"href":"https:\/\/adesampa.com.br\/amplificacine\/wp-json\/wp\/v2\/media?parent=12189"}],"curies":[{"name":"wp","href":"https:\/\/api.w.org\/{rel}","templated":true}]}}