{"id":24231,"date":"2026-01-12T15:25:33","date_gmt":"2026-01-12T18:25:33","guid":{"rendered":"https:\/\/adesampa.com.br\/adeeditais\/?page_id=24231"},"modified":"2026-03-19T13:08:41","modified_gmt":"2026-03-19T16:08:41","slug":"edital-01-2026-chamamento-publico","status":"publish","type":"page","link":"https:\/\/adesampa.com.br\/adeeditais\/edital-01-2026-chamamento-publico\/","title":{"rendered":"Edital 01\/2026 \u2013 Chamamento P\u00fablico"},"content":{"rendered":"\t\t<div data-elementor-type=\"wp-page\" data-elementor-id=\"24231\" class=\"elementor elementor-24231\">\n\t\t\t\t\t\t<section class=\"elementor-section elementor-top-section elementor-element elementor-element-8a6eefa elementor-section-boxed elementor-section-height-default elementor-section-height-default\" data-id=\"8a6eefa\" data-element_type=\"section\" data-e-type=\"section\">\n\t\t\t\t\t\t<div class=\"elementor-container elementor-column-gap-default\">\n\t\t\t\t\t<div class=\"elementor-column elementor-col-100 elementor-top-column elementor-element elementor-element-01241fe\" data-id=\"01241fe\" data-element_type=\"column\" data-e-type=\"column\">\n\t\t\t<div class=\"elementor-widget-wrap elementor-element-populated\">\n\t\t\t\t\t\t<div class=\"elementor-element elementor-element-a0c1e85 elementor-widget elementor-widget-text-editor\" data-id=\"a0c1e85\" data-element_type=\"widget\" data-e-type=\"widget\" data-widget_type=\"text-editor.default\">\n\t\t\t\t<div class=\"elementor-widget-container\">\n\t\t\t\t\t\t\t\t\t<p><strong>Edital 01\/2026 &#8211; Chamamento P\u00fablico<\/strong><\/p><p><strong>OBJETO :<\/strong> Sele\u00e7\u00e3o de entidades p\u00fablicas ou privadas, nacionais ou internacionais, interessadas em firmar parcerias, sem transfer\u00eancia de recursos financeiros entre as partes, visando \u00e0 conjuga\u00e7\u00e3o de esfor\u00e7os para a promo\u00e7\u00e3o e execu\u00e7\u00e3o de a\u00e7\u00f5es, projetos e eventos j\u00e1 desenvolvidos pela Ag\u00eancia S\u00e3o Paulo de Desenvolvimento &#8211; ADE SAMPA, bem como para novas atividades relacionadas \u00e0s suas atribui\u00e7\u00f5es legais, durante o ano de 2026 no Munic\u00edpio de S\u00e3o Paulo<\/p><p><strong>Edital atualizado (12\/01\/2026) \u2013<\/strong>\u00a0<span style=\"color: #000000;\"><strong><a style=\"color: #000000;\" href=\"https:\/\/adesampa.com.br\/adeeditais\/wp-content\/uploads\/2026\/01\/Edital_de_chamamento_publico___Parcerias_sem_repasse.pdf\">Clique aqui<\/a><\/strong><\/span><\/p><p><b>Think Ball Games &amp; Esports Ltda (12\/01\/2026)<\/b> &#8211;\u00a0<a href=\"https:\/\/adesampa.com.br\/adeeditais\/wp-content\/uploads\/2026\/01\/Manifestacao-de-Interesse-ADE-SAMPA.pdf\" target=\"_blank\" rel=\"noopener\"><b>Clique aqui<\/b><\/a><\/p><p><b>Assossia\u00e7\u00e3o Espoertiva e Cultural (28\/01\/2026)<\/b> &#8211;\u00a0<a href=\"https:\/\/adesampa.com.br\/adeeditais\/wp-content\/uploads\/2026\/01\/manifestacao_adesampa_assinado.pdf\" target=\"_blank\" rel=\"noopener\"><b>Clique aqui<\/b><\/a><\/p><p><b>STARTUP GRID COWORKING E ACELERACAO LTDA (04\/02\/2026)<\/b> &#8211;\u00a0<a href=\"https:\/\/adesampa.com.br\/adeeditais\/wp-content\/uploads\/2026\/02\/ADESAMPA-Manifestacao-de-Interesse-Parceria-Startup-Grid-2-docx-1-pdf-D4Sign.pdf\" target=\"_blank\" rel=\"noopener\"><b>Clique aqui<\/b><\/a><\/p><p><b>\u00a0<span class=\"fontstyle0\">ASSOCIA\u00c7\u00c3O DOS MOTOFRETISTAS, MOTOTAXISTAS E CICLISTAS <\/span><\/b><b><span class=\"fontstyle0\">DO ESTADO DE S\u00c3O PAULO<\/span> (19\/03\/2026)<\/b> &#8211;\u00a0<a href=\"https:\/\/adesampa.com.br\/adeeditais\/wp-content\/uploads\/2026\/03\/Oficio_Associacao_ADE_SAMPA.pdf_02s.pdf\" target=\"_blank\" rel=\"noopener\"><b>Clique aqui<\/b><\/a><\/p>\t\t\t\t\t\t\t\t<\/div>\n\t\t\t\t<\/div>\n\t\t\t\t<div class=\"elementor-element elementor-element-a032e3e elementor-widget elementor-widget-spacer\" data-id=\"a032e3e\" data-element_type=\"widget\" data-e-type=\"widget\" data-widget_type=\"spacer.default\">\n\t\t\t\t<div class=\"elementor-widget-container\">\n\t\t\t\t\t\t\t<div class=\"elementor-spacer\">\n\t\t\t<div class=\"elementor-spacer-inner\"><\/div>\n\t\t<\/div>\n\t\t\t\t\t\t<\/div>\n\t\t\t\t<\/div>\n\t\t\t\t\t<\/div>\n\t\t<\/div>\n\t\t\t\t\t<\/div>\n\t\t<\/section>\n\t\t\t\t<\/div>\n\t\t","protected":false},"excerpt":{"rendered":"<p>Edital 01\/2026 &#8211; Chamamento P\u00fablico OBJETO : Sele\u00e7\u00e3o de entidades&hellip;<\/p>\n<p> <a class=\"more-link\" href=\"https:\/\/adesampa.com.br\/adeeditais\/edital-01-2026-chamamento-publico\/\">Leia mais<\/a><\/p>\n","protected":false},"author":5,"featured_media":0,"parent":0,"menu_order":0,"comment_status":"closed","ping_status":"closed","template":"","meta":{"_monsterinsights_skip_tracking":false,"_monsterinsights_sitenote_active":false,"_monsterinsights_sitenote_note":"","_monsterinsights_sitenote_category":0,"footnotes":""},"class_list":["post-24231","page","type-page","status-publish"],"_links":{"self":[{"href":"https:\/\/adesampa.com.br\/adeeditais\/wp-json\/wp\/v2\/pages\/24231","targetHints":{"allow":["GET"]}}],"collection":[{"href":"https:\/\/adesampa.com.br\/adeeditais\/wp-json\/wp\/v2\/pages"}],"about":[{"href":"https:\/\/adesampa.com.br\/adeeditais\/wp-json\/wp\/v2\/types\/page"}],"author":[{"embeddable":true,"href":"https:\/\/adesampa.com.br\/adeeditais\/wp-json\/wp\/v2\/users\/5"}],"replies":[{"embeddable":true,"href":"https:\/\/adesampa.com.br\/adeeditais\/wp-json\/wp\/v2\/comments?post=24231"}],"version-history":[{"count":3,"href":"https:\/\/adesampa.com.br\/adeeditais\/wp-json\/wp\/v2\/pages\/24231\/revisions"}],"predecessor-version":[{"id":24698,"href":"https:\/\/adesampa.com.br\/adeeditais\/wp-json\/wp\/v2\/pages\/24231\/revisions\/24698"}],"wp:attachment":[{"href":"https:\/\/adesampa.com.br\/adeeditais\/wp-json\/wp\/v2\/media?parent=24231"}],"curies":[{"name":"wp","href":"https:\/\/api.w.org\/{rel}","templated":true}]}}