{"id":12074,"date":"2020-09-30T10:12:50","date_gmt":"2020-09-30T13:12:50","guid":{"rendered":"http:\/\/adesampa.com.br\/adeeditais\/?page_id=12074"},"modified":"2020-11-16T20:50:43","modified_gmt":"2020-11-16T22:50:43","slug":"vaitec","status":"publish","type":"page","link":"https:\/\/adesampa.com.br\/adeeditais\/vaitec\/","title":{"rendered":"Vaitec"},"content":{"rendered":"\t\t<div data-elementor-type=\"wp-page\" data-elementor-id=\"12074\" class=\"elementor elementor-12074\">\n\t\t\t\t\t\t<section class=\"elementor-section elementor-top-section elementor-element elementor-element-30c91bb elementor-section-boxed elementor-section-height-default elementor-section-height-default\" data-id=\"30c91bb\" data-element_type=\"section\" data-e-type=\"section\">\n\t\t\t\t\t\t<div class=\"elementor-container elementor-column-gap-default\">\n\t\t\t\t\t<div class=\"elementor-column elementor-col-100 elementor-top-column elementor-element elementor-element-7f3f9bc\" data-id=\"7f3f9bc\" data-element_type=\"column\" data-e-type=\"column\">\n\t\t\t<div class=\"elementor-widget-wrap elementor-element-populated\">\n\t\t\t\t\t\t<div class=\"elementor-element elementor-element-8e404ec elementor-widget elementor-widget-image\" data-id=\"8e404ec\" data-element_type=\"widget\" data-e-type=\"widget\" data-widget_type=\"image.default\">\n\t\t\t\t<div class=\"elementor-widget-container\">\n\t\t\t\t\t\t\t\t\t\t\t\t\t\t\t<img decoding=\"async\" width=\"152\" height=\"36\" src=\"https:\/\/adesampa.com.br\/adeeditais\/wp-content\/uploads\/2020\/09\/logo-vai-tec.png\" class=\"attachment-large size-large wp-image-12078\" alt=\"\" srcset=\"https:\/\/adesampa.com.br\/adeeditais\/wp-content\/uploads\/2020\/09\/logo-vai-tec.png 152w, https:\/\/adesampa.com.br\/adeeditais\/wp-content\/uploads\/2020\/09\/logo-vai-tec-150x36.png 150w\" sizes=\"(max-width: 152px) 100vw, 152px\" \/>\t\t\t\t\t\t\t\t\t\t\t\t\t\t\t<\/div>\n\t\t\t\t<\/div>\n\t\t\t\t\t<\/div>\n\t\t<\/div>\n\t\t\t\t\t<\/div>\n\t\t<\/section>\n\t\t\t\t<section class=\"elementor-section elementor-top-section elementor-element elementor-element-58caac4 elementor-section-boxed elementor-section-height-default elementor-section-height-default\" data-id=\"58caac4\" data-element_type=\"section\" data-e-type=\"section\">\n\t\t\t\t\t\t<div class=\"elementor-container elementor-column-gap-default\">\n\t\t\t\t\t<div class=\"elementor-column elementor-col-100 elementor-top-column elementor-element elementor-element-c5e2981\" data-id=\"c5e2981\" data-element_type=\"column\" data-e-type=\"column\">\n\t\t\t<div class=\"elementor-widget-wrap elementor-element-populated\">\n\t\t\t\t\t\t<div class=\"elementor-element elementor-element-ba1dbe4 elementor-widget elementor-widget-wp-widget-custom_html\" data-id=\"ba1dbe4\" data-element_type=\"widget\" data-e-type=\"widget\" data-widget_type=\"wp-widget-custom_html.default\">\n\t\t\t\t<div class=\"elementor-widget-container\">\n\t\t\t\t\t<div class=\"textwidget custom-html-widget\"><h2><strong>Edital 52\/2019 - Chamamento P\u00fablico<br><\/strong><\/h2>\r\n<span style=\"font-size: 14pt\">Edital - <strong><span style=\"color: #000080\"><a style=\"color: #000080\" href=\"http:\/\/adesampa.com.br\/wp-content\/uploads\/2020\/01\/Edital-VAI-TEC-5-VFinal-20dez19.pdf\">Clique aqui<\/a><\/span><br><\/strong><\/span>\r\n\r\n<span style=\"font-size: 14pt\">Retifica\u00e7\u00e3o do Edital - <strong><span style=\"color: #000080\"><a style=\"color: #000080\" href=\"http:\/\/adesampa.com.br\/wp-content\/uploads\/2020\/03\/Edital-VAI-TEC-5-Mar-24-empresas.docx.pdf\">Clique aqui<\/a><\/span><br><\/strong><\/span>\r\n\r\n<span style=\"font-size: 14pt\">Comunicado 1 - <strong><span style=\"color: #000080\"><a style=\"color: #000080\" href=\"http:\/\/adesampa.com.br\/wp-content\/uploads\/2020\/05\/Comunicado-Reabertura-de-Inscri\u00e7\u00f5es-VAI-TEC-5.pdf\">Clique aqui<\/a><\/span><br><\/strong><\/span>\r\n\r\n<span style=\"font-size: 14pt\">Lista de inscritos (por ordem de inscri\u00e7\u00e3o) - <strong><span style=\"color: #000080\"><a style=\"color: #000080\" href=\"http:\/\/adesampa.com.br\/wp-content\/uploads\/2020\/07\/LISTA-DE-TODAS-AS-INSCRI\u00c7\u00d5ES.pdf\">Clique aqui<\/a><\/span><br><\/strong><\/span>\r\n\r\n<span style=\"font-size: 14pt\">Resultado parcial - <strong><span style=\"color: #000080\"><a style=\"color: #000080\" href=\"http:\/\/adesampa.com.br\/wp-content\/uploads\/2020\/08\/ATA-PRIMEIRA-SELECAO-DOS-PROJETOS.pdf\">Clique aqui<\/a><\/span><br><\/strong><\/span>\r\n\r\n<span style=\"font-size: 14pt\">Comunicado - Pitches - <strong><span style=\"color: #000080\"><a style=\"color: #000080\" href=\"http:\/\/adesampa.com.br\/wp-content\/uploads\/2020\/08\/Comunicado-Vai-Tec-5-Pitch-1.pdf\">Clique aqui<\/a><\/span><br><\/strong><\/span>\r\n\r\n<span style=\"font-size: 14pt\">Comunicado de atualiza\u00e7\u00e3o no processo de sele\u00e7\u00e3o do Programa de Acelera\u00e7\u00e3o VAI TEC - <strong><span style=\"color: #000080\"><a style=\"color: #000080\" href=\"http:\/\/adesampa.com.br\/wp-content\/uploads\/2020\/08\/Comunicado-de-atualiza\u00e7\u00e3o-no-processo-de-sele\u00e7\u00e3o-do-Programa-de-Acelera\u00e7\u00e3o-VAI-TEC.pdf\">Clique aqui<\/a><\/span><br><\/strong><\/span>\r\n\r\n<span style=\"font-size: 14pt\">Ata - Primeira fase de sele\u00e7\u00e3o dos projetos -\u00a0 <strong><span style=\"color: #000080\"><a style=\"color: #000080\" href=\"http:\/\/adesampa.com.br\/wp-content\/uploads\/2020\/08\/ATA-PRIMEIRA-FASE-DE-SELECAO-DOS-PROJETOS.pdf\">Clique aqui<\/a><\/span><br><\/strong><\/span>\r\n\r\n<span style=\"font-size: 14pt\">Comunicado - Pitches - <strong><span style=\"color: #000080\"><a style=\"color: #000080\" href=\"http:\/\/adesampa.com.br\/wp-content\/uploads\/2020\/08\/Comunicado-Vai-Tec-5-Pitch-novo-agendamento.pdf\">Clique aqui<\/a><\/span><br><\/strong><\/span>\r\n\r\n<span style=\"font-size: 14pt\">Comunicado 2 - Pitches - <strong><span style=\"color: #000080\"><a style=\"color: #000080\" href=\"http:\/\/adesampa.com.br\/wp-content\/uploads\/2020\/09\/Comunicado-Vai-Tec-5-Adiamento-dos-Pitches.pdf\">Clique aqui<\/a><\/span><br><\/strong><\/span>\r\n\r\n<span style=\"font-size: 14pt\">Comunicado 2 - Pitches (errata) - <strong><span style=\"color: #000080\"><a style=\"color: #000080\" href=\"http:\/\/adesampa.com.br\/wp-content\/uploads\/2020\/09\/Comunicado-Vai-Tec-5-Adiamento-dos-Pitches-1.pdf\">Clique aqui<\/a><\/span><\/strong><\/span>\r\n<br>\r\n<span style=\"font-size: 14pt\">Comunicado 3 - Pitches - <strong><span style=\"color: #000080\"><a style=\"color: #000080\" href=\"https:\/\/adesampa.com.br\/adeeditais\/wp-content\/uploads\/2020\/09\/Comunicado-Vai-Tec-5-Pitch-novas-datas.pdf\">Clique aqui<\/a><\/span><\/strong><\/span><br><span style=\"font-size: 14pt\">Resultado Final - <strong><span style=\"color: #000080\"><a style=\"color: #000080\" href=\"https:\/\/adesampa.com.br\/adeeditais\/wp-content\/uploads\/2020\/10\/vaitec5-lista-final-para-publicacao-22out20-VF.pdf\">Clique aqui<\/a><\/span><\/strong><\/span><\/div>\t\t\t\t<\/div>\n\t\t\t\t<\/div>\n\t\t\t\t\t<\/div>\n\t\t<\/div>\n\t\t\t\t\t<\/div>\n\t\t<\/section>\n\t\t\t\t<section class=\"elementor-section elementor-top-section elementor-element elementor-element-00ae8bc elementor-section-boxed elementor-section-height-default elementor-section-height-default\" data-id=\"00ae8bc\" data-element_type=\"section\" data-e-type=\"section\">\n\t\t\t\t\t\t<div class=\"elementor-container elementor-column-gap-default\">\n\t\t\t\t\t<div class=\"elementor-column elementor-col-100 elementor-top-column elementor-element elementor-element-b9e9a48\" data-id=\"b9e9a48\" data-element_type=\"column\" data-e-type=\"column\">\n\t\t\t<div class=\"elementor-widget-wrap elementor-element-populated\">\n\t\t\t\t\t\t<div class=\"elementor-element elementor-element-d135a2d elementor-widget elementor-widget-wp-widget-custom_html\" data-id=\"d135a2d\" data-element_type=\"widget\" data-e-type=\"widget\" data-widget_type=\"wp-widget-custom_html.default\">\n\t\t\t\t<div class=\"elementor-widget-container\">\n\t\t\t\t\t<div class=\"textwidget custom-html-widget\"><h2><strong>Edital 20\/2018 - Chamamento P\u00fablico<br><\/strong><\/h2>\r\n<span style=\"font-size: 18pt\"><span style=\"color: #000000\"><span style=\"font-size: 18pt;color: #000000\"><b><\/b><\/span><\/span><\/span>\r\n\r\n<span style=\"font-size: 14pt\">Edital - <span style=\"color: #000080\"><strong><a href=\"http:\/\/adesampa.com.br\/wp-content\/uploads\/2019\/03\/Edital_final_Vai_Tec_4___V07_03_19-1.pdf\">Clique aqui<\/a><\/strong><\/span><\/span>\r\n\r\n<span style=\"font-size: 14pt\"><br>Comunicado - <span style=\"color: #000080\"><strong><a href=\"http:\/\/adesampa.com.br\/wp-content\/uploads\/2019\/04\/Comunicado-Reabertura-de-inscri\u00e7\u00f5es-VAI-TEC-.pdf\">Clique aqui<\/a><\/strong><\/span><\/span>\r\n\r\n<span style=\"font-size: 14pt\"><br>Comunicado - <span style=\"color: #000080\"><a href=\"http:\/\/adesampa.com.br\/wp-content\/uploads\/2019\/06\/COMUNICADO-MUDAN\u00c7A-DE-DATA-VAI-TEC4.pdf\"><strong>Clique aqui<\/strong><\/a><\/span><\/span>\r\n\r\n<span style=\"font-size: 14pt\"><br>Resultados - <span style=\"color: #000080\"><strong><a href=\"http:\/\/adesampa.com.br\/vaitec4\/wp-content\/uploads\/2019\/06\/vaitec4-Result.pdf\">Clique aqui<\/a><\/span><\/span>\r\n\r\n<span style=\"font-size: 14pt\"><br>Orienta\u00e7\u00f5es \/ Utiliza\u00e7\u00e3o dos Recursos - <span style=\"color: #000080\"><strong><a href=\"https:\/\/adesampa.com.br\/adeeditais\/wp-content\/uploads\/2020\/11\/Regras-da-Prestacao-de-contas-VAI-TEC-4.pdf\">Clique aqui<\/a>\r\n\r\n<\/div>\t\t\t\t<\/div>\n\t\t\t\t<\/div>\n\t\t\t\t\t<\/div>\n\t\t<\/div>\n\t\t\t\t\t<\/div>\n\t\t<\/section>\n\t\t\t\t<\/div>\n\t\t","protected":false},"excerpt":{"rendered":"","protected":false},"author":1,"featured_media":0,"parent":0,"menu_order":0,"comment_status":"closed","ping_status":"closed","template":"","meta":{"_monsterinsights_skip_tracking":false,"_monsterinsights_sitenote_active":false,"_monsterinsights_sitenote_note":"","_monsterinsights_sitenote_category":0,"footnotes":""},"class_list":["post-12074","page","type-page","status-publish"],"_links":{"self":[{"href":"https:\/\/adesampa.com.br\/adeeditais\/wp-json\/wp\/v2\/pages\/12074","targetHints":{"allow":["GET"]}}],"collection":[{"href":"https:\/\/adesampa.com.br\/adeeditais\/wp-json\/wp\/v2\/pages"}],"about":[{"href":"https:\/\/adesampa.com.br\/adeeditais\/wp-json\/wp\/v2\/types\/page"}],"author":[{"embeddable":true,"href":"https:\/\/adesampa.com.br\/adeeditais\/wp-json\/wp\/v2\/users\/1"}],"replies":[{"embeddable":true,"href":"https:\/\/adesampa.com.br\/adeeditais\/wp-json\/wp\/v2\/comments?post=12074"}],"version-history":[{"count":0,"href":"https:\/\/adesampa.com.br\/adeeditais\/wp-json\/wp\/v2\/pages\/12074\/revisions"}],"wp:attachment":[{"href":"https:\/\/adesampa.com.br\/adeeditais\/wp-json\/wp\/v2\/media?parent=12074"}],"curies":[{"name":"wp","href":"https:\/\/api.w.org\/{rel}","templated":true}]}}