{"id":11751,"date":"2020-05-27T15:09:35","date_gmt":"2020-05-27T18:09:35","guid":{"rendered":"http:\/\/adesampa.com.br\/adeeditais\/?page_id=11751"},"modified":"2020-05-27T15:19:10","modified_gmt":"2020-05-27T18:19:10","slug":"links","status":"publish","type":"page","link":"https:\/\/adesampa.com.br\/adeeditais\/links\/","title":{"rendered":"Links"},"content":{"rendered":"\t\t<div data-elementor-type=\"wp-page\" data-elementor-id=\"11751\" class=\"elementor elementor-11751\">\n\t\t\t\t\t\t<section class=\"elementor-section elementor-top-section elementor-element elementor-element-4e57cbf elementor-section-boxed elementor-section-height-default elementor-section-height-default\" data-id=\"4e57cbf\" data-element_type=\"section\" data-e-type=\"section\">\n\t\t\t\t\t\t<div class=\"elementor-container elementor-column-gap-default\">\n\t\t\t\t\t<div class=\"elementor-column elementor-col-100 elementor-top-column elementor-element elementor-element-aad56da\" data-id=\"aad56da\" data-element_type=\"column\" data-e-type=\"column\" data-settings=\"{&quot;background_background&quot;:&quot;classic&quot;}\">\n\t\t\t<div class=\"elementor-widget-wrap elementor-element-populated\">\n\t\t\t\t\t<div class=\"elementor-background-overlay\"><\/div>\n\t\t\t\t\t\t<div class=\"elementor-element elementor-element-4aa754b elementor-widget elementor-widget-spacer\" data-id=\"4aa754b\" data-element_type=\"widget\" data-e-type=\"widget\" data-widget_type=\"spacer.default\">\n\t\t\t\t<div class=\"elementor-widget-container\">\n\t\t\t\t\t\t\t<div class=\"elementor-spacer\">\n\t\t\t<div class=\"elementor-spacer-inner\"><\/div>\n\t\t<\/div>\n\t\t\t\t\t\t<\/div>\n\t\t\t\t<\/div>\n\t\t\t\t<div class=\"elementor-element elementor-element-b2bf30e elementor-widget elementor-widget-text-editor\" data-id=\"b2bf30e\" data-element_type=\"widget\" data-e-type=\"widget\" data-widget_type=\"text-editor.default\">\n\t\t\t\t<div class=\"elementor-widget-container\">\n\t\t\t\t\t\t\t\t\t<p><strong>Saiba onde conseguir sua certid\u00e3o<\/strong><\/p>\t\t\t\t\t\t\t\t<\/div>\n\t\t\t\t<\/div>\n\t\t\t\t\t<\/div>\n\t\t<\/div>\n\t\t\t\t\t<\/div>\n\t\t<\/section>\n\t\t\t\t<section class=\"elementor-section elementor-top-section elementor-element elementor-element-8f95497 elementor-section-boxed elementor-section-height-default elementor-section-height-default\" data-id=\"8f95497\" data-element_type=\"section\" data-e-type=\"section\">\n\t\t\t\t\t\t<div class=\"elementor-container elementor-column-gap-default\">\n\t\t\t\t\t<div class=\"elementor-column elementor-col-100 elementor-top-column elementor-element elementor-element-827f1fc\" data-id=\"827f1fc\" data-element_type=\"column\" data-e-type=\"column\">\n\t\t\t<div class=\"elementor-widget-wrap elementor-element-populated\">\n\t\t\t\t\t\t<div class=\"elementor-element elementor-element-361f907 elementor-widget elementor-widget-text-editor\" data-id=\"361f907\" data-element_type=\"widget\" data-e-type=\"widget\" data-widget_type=\"text-editor.default\">\n\t\t\t\t<div class=\"elementor-widget-container\">\n\t\t\t\t\t\t\t\t\t<p><span style=\"font-weight: 400;\">1 &#8211; C\u00f3pia dos Atos Constitutivos, dispon\u00edvel, dependendo do formato e localiza\u00e7\u00e3o da institui\u00e7\u00e3o, no site da JUCESP por meio do link: <\/span><a href=\"https:\/\/www.jucesponline.sp.gov.br\"><span style=\"font-weight: 400;\">https:\/\/www.jucesponline.sp.gov.br<\/span><\/a><span style=\"font-weight: 400;\">\u00a0<\/span><\/p><p><span style=\"font-weight: 400;\">2 &#8211; Certid\u00e3o Negativa de D\u00e9bitos Relativos aos Tributos Federais e \u00e0 D\u00edvida Ativa da Uni\u00e3o.\u00a0<\/span><\/p><p><a href=\"http:\/\/idg.receita.fazenda.gov.br\/orientacao\/tributaria\/certidoes-e-situacao-fiscal\"><span style=\"font-weight: 400;\">http:\/\/idg.receita.fazenda.gov.br\/orientacao\/tributaria\/certidoes-e-situacao-fiscal<\/span><\/a><\/p><p><span style=\"font-weight: 400;\">3 &#8211; Cart\u00e3o do CNPJ<\/span><\/p><p><a href=\"http:\/\/idg.receita.fazenda.gov.br\/orientacao\/tributaria\/cadastros\/consultas-cnpj\"><span style=\"font-weight: 400;\">http:\/\/idg.receita.fazenda.gov.br\/orientacao\/tributaria\/cadastros\/consultas-cnpj<\/span><\/a><\/p><p><span style=\"font-weight: 400;\">4 a &#8211; Certificado de Regularidade do FGTS &#8211; CRF<\/span><\/p><p><a href=\"https:\/\/www.sifge.caixa.gov.br\/Cidadao\/Crf\/FgeCfSCriteriosPesquisa.asp\"><span style=\"font-weight: 400;\">https:\/\/www.sifge.caixa.gov.br\/Cidadao\/Crf\/FgeCfSCriteriosPesquisa.asp<\/span><\/a><\/p><p><span style=\"font-weight: 400;\">4 b &#8211; <\/span><a href=\"http:\/\/cnd.dataprev.gov.br\/cws\/contexto\/cnd\/cnd.html\"><span style=\"font-weight: 400;\">http:\/\/cnd.dataprev.gov.br\/cws\/contexto\/cnd\/cnd.html<\/span><\/a><\/p><p><span style=\"font-weight: 400;\">5 &#8211; Cadastro de Contribuintes de ICMS<\/span><\/p><p><a href=\"https:\/\/www.cadesp.fazenda.sp.gov.br\/(S(2vktynn2kdn4vd55oguxnj45))\/Pages\/Cadastro\/Consultas\/ConsultaPublica\/ConsultaPublica.aspx\"><span style=\"font-weight: 400;\">https:\/\/www.cadesp.fazenda.sp.gov.br\/(S(2vktynn2kdn4vd55oguxnj45))\/Pages\/Cadastro\/Consultas\/ConsultaPublica\/ConsultaPublica.aspx<\/span><\/a><\/p><p><span style=\"font-weight: 400;\">6 &#8211; Certid\u00e3o negativa de D\u00e9bitos Trabalhistas<\/span><\/p><p><a href=\"http:\/\/www.tst.jus.br\/certidao\"><span style=\"font-weight: 400;\">http:\/\/www.tst.jus.br\/certidao<\/span><\/a><\/p><p><span style=\"font-weight: 400;\">7 &#8211; Certid\u00e3o Conjunta de D\u00e9bitos de Tributos Mobili\u00e1rios<\/span><\/p><p><a href=\"http:\/\/www.prefeitura.sp.gov.br\/cidade\/secretarias\/fazenda\/servicos\/certidoes\/index.php?p=2407\"><span style=\"font-weight: 400;\">http:\/\/www.prefeitura.sp.gov.br\/cidade\/secretarias\/fazenda\/servicos\/certidoes\/index.php?p=2407<\/span><\/a><\/p><p><span style=\"font-weight: 400;\">8 &#8211; Certid\u00e3o Negativa de Distribui\u00e7\u00f5es (A\u00e7\u00f5es de Fal\u00eancias e Recupera\u00e7\u00f5es Judiciais)<\/span><\/p><p><a href=\"https:\/\/www.tjdft.jus.br\/servicos\/certidao-nada-consta\"><span style=\"font-weight: 400;\">https:\/\/www.tjdft.jus.br\/servicos\/certidao-nada-consta<\/span><\/a><\/p><p><span style=\"font-weight: 400;\">9 &#8211; Certid\u00e3o Negativa de D\u00e9bitos Tribut\u00e1rios da D\u00edvida Ativa do Estado de S\u00e3o Paulo<\/span><\/p><p><a href=\"http:\/\/www.dividaativa.pge.sp.gov.br\"><span style=\"font-weight: 400;\">http:\/\/www.dividaativa.pge.sp.gov.br<\/span><\/a><\/p><p><span style=\"font-weight: 400;\">10 &#8211; CCM:\u00a0<\/span><\/p><p><a href=\"http:\/\/www.prefeitura.sp.gov.br\/cidade\/secretarias\/fazenda\/servicos\/ccm\/\"><span style=\"font-weight: 400;\">http:\/\/www.prefeitura.sp.gov.br\/cidade\/secretarias\/fazenda\/servicos\/ccm\/<\/span><\/a><\/p><p><span style=\"font-weight: 400;\">11 &#8211; Cadastro na JUCESP:\u00a0<\/span><\/p><p><span style=\"font-weight: 400;\">\u00a0<\/span><a href=\"https:\/\/www.jucesponline.sp.gov.br\/\"><span style=\"font-weight: 400;\">https:\/\/www.jucesponline.sp.gov.br\/<\/span><\/a><span style=\"font-weight: 400;\">\u00a0<\/span><\/p>\t\t\t\t\t\t\t\t<\/div>\n\t\t\t\t<\/div>\n\t\t\t\t\t<\/div>\n\t\t<\/div>\n\t\t\t\t\t<\/div>\n\t\t<\/section>\n\t\t\t\t<\/div>\n\t\t","protected":false},"excerpt":{"rendered":"<p>Saiba onde conseguir sua certid\u00e3o 1 &#8211; C\u00f3pia dos Atos&hellip;<\/p>\n<p> <a class=\"more-link\" href=\"https:\/\/adesampa.com.br\/adeeditais\/links\/\">Leia mais<\/a><\/p>\n","protected":false},"author":1,"featured_media":0,"parent":0,"menu_order":0,"comment_status":"closed","ping_status":"closed","template":"elementor_header_footer","meta":{"_monsterinsights_skip_tracking":false,"_monsterinsights_sitenote_active":false,"_monsterinsights_sitenote_note":"","_monsterinsights_sitenote_category":0,"footnotes":""},"class_list":["post-11751","page","type-page","status-publish"],"_links":{"self":[{"href":"https:\/\/adesampa.com.br\/adeeditais\/wp-json\/wp\/v2\/pages\/11751","targetHints":{"allow":["GET"]}}],"collection":[{"href":"https:\/\/adesampa.com.br\/adeeditais\/wp-json\/wp\/v2\/pages"}],"about":[{"href":"https:\/\/adesampa.com.br\/adeeditais\/wp-json\/wp\/v2\/types\/page"}],"author":[{"embeddable":true,"href":"https:\/\/adesampa.com.br\/adeeditais\/wp-json\/wp\/v2\/users\/1"}],"replies":[{"embeddable":true,"href":"https:\/\/adesampa.com.br\/adeeditais\/wp-json\/wp\/v2\/comments?post=11751"}],"version-history":[{"count":0,"href":"https:\/\/adesampa.com.br\/adeeditais\/wp-json\/wp\/v2\/pages\/11751\/revisions"}],"wp:attachment":[{"href":"https:\/\/adesampa.com.br\/adeeditais\/wp-json\/wp\/v2\/media?parent=11751"}],"curies":[{"name":"wp","href":"https:\/\/api.w.org\/{rel}","templated":true}]}}