{"id":12223,"date":"2025-10-14T15:45:26","date_gmt":"2025-10-14T18:45:26","guid":{"rendered":"https:\/\/acelerandohortas.adesampa.com.br\/?page_id=12223"},"modified":"2026-03-09T15:27:38","modified_gmt":"2026-03-09T18:27:38","slug":"sobre","status":"publish","type":"page","link":"https:\/\/adesampa.com.br\/acelerandohortas\/sobre\/","title":{"rendered":"Sobre"},"content":{"rendered":"\t\t<div data-elementor-type=\"wp-page\" data-elementor-id=\"12223\" class=\"elementor elementor-12223\">\n\t\t\t\t<div class=\"elementor-element elementor-element-7cf4992 e-con-full elementor-hidden-tablet elementor-hidden-mobile e-flex e-con e-parent\" data-id=\"7cf4992\" data-element_type=\"container\" data-e-type=\"container\" data-settings=\"{&quot;background_background&quot;:&quot;classic&quot;}\">\n\t\t\t\t<div class=\"elementor-element elementor-element-d51b1b7 elementor-widget elementor-widget-heading\" data-id=\"d51b1b7\" data-element_type=\"widget\" data-e-type=\"widget\" data-widget_type=\"heading.default\">\n\t\t\t\t\t<h2 class=\"elementor-heading-title elementor-size-default\">Sobre<\/h2>\t\t\t\t<\/div>\n\t\t\t\t<\/div>\n\t\t<div class=\"elementor-element elementor-element-c863c5b e-con-full elementor-hidden-desktop e-flex e-con e-parent\" data-id=\"c863c5b\" data-element_type=\"container\" data-e-type=\"container\" data-settings=\"{&quot;background_background&quot;:&quot;classic&quot;}\">\n\t\t\t\t<div class=\"elementor-element elementor-element-44e1799 elementor-widget elementor-widget-heading\" data-id=\"44e1799\" data-element_type=\"widget\" data-e-type=\"widget\" data-widget_type=\"heading.default\">\n\t\t\t\t\t<h2 class=\"elementor-heading-title elementor-size-default\">Sobre<\/h2>\t\t\t\t<\/div>\n\t\t\t\t<\/div>\n\t\t<div class=\"elementor-element elementor-element-7bbcd1a e-con-full e-flex e-con e-parent\" data-id=\"7bbcd1a\" data-element_type=\"container\" data-e-type=\"container\">\n\t\t\t\t<div class=\"elementor-element elementor-element-0fd90dd elementor-widget elementor-widget-text-editor\" data-id=\"0fd90dd\" data-element_type=\"widget\" data-e-type=\"widget\" data-widget_type=\"text-editor.default\">\n\t\t\t\t\t\t\t\t\t<p><span style=\"font-weight: 400;\">O Sampa+Rural: Acelerando Hortas \u00e9 um programa de acelera\u00e7\u00e3o voltado para Locais de Agricultura das \u00e1reas urbanas, periurbanas e rurais da cidade de S\u00e3o Paulo. A acelera\u00e7\u00e3o oferece aporte financeiro na forma de materiais e servi\u00e7os, plano de acelera\u00e7\u00e3o, orienta\u00e7\u00e3o t\u00e9cnica e gerencial individual e encontros coletivos.\u00a0<\/span><\/p><p><span style=\"font-weight: 400;\">A terceira edi\u00e7\u00e3o do programa vai selecionar 30 projetos de iniciativas ligadas \u00e0 cadeia da agricultura que j\u00e1 atuam ou est\u00e3o em transi\u00e7\u00e3o para pr\u00e1ticas org\u00e2nicas e agroecol\u00f3gicas. Podem se inscrever Locais de Agricultura que atuem em sete temas estruturantes: implanta\u00e7\u00e3o de tecnologias sociais e\/ou sustent\u00e1veis; comercializa\u00e7\u00e3o e log\u00edstica; produ\u00e7\u00e3o e distribui\u00e7\u00e3o de mudas; produ\u00e7\u00e3o e distribui\u00e7\u00e3o de insumos; beneficiamento de produtos naturais; certifica\u00e7\u00f5es sanit\u00e1rias, turismo de viv\u00eancia rural e pedag\u00f3gico e implanta\u00e7\u00e3o e estrutura\u00e7\u00e3o de novas hortas.<\/span><\/p><p><span style=\"font-weight: 400;\">O Acelerando Hortas tem o objetivo de apoiar na estrutura\u00e7\u00e3o, funcionamento e gest\u00e3o desses Locais de Agricultura, utiliza\u00e7\u00e3o de tecnologias sociais ou sustent\u00e1veis com potencial de replicabilidade e desenvolvimento de solu\u00e7\u00f5es que promovam o aumento da gera\u00e7\u00e3o de renda, educa\u00e7\u00e3o ambiental, seguran\u00e7a alimentar e nutricional e est\u00edmulo \u00e0 perman\u00eancia de agricultores na pr\u00e1tica agr\u00edcola.<\/span><\/p>\t\t\t\t\t\t\t\t<\/div>\n\t\t\t\t<\/div>\n\t\t<div class=\"elementor-element elementor-element-ebbfc4d elementor-hidden-tablet elementor-hidden-mobile e-flex e-con-boxed e-con e-parent\" data-id=\"ebbfc4d\" data-element_type=\"container\" data-e-type=\"container\">\n\t\t\t\t\t<div class=\"e-con-inner\">\n\t\t<div class=\"elementor-element elementor-element-6d894ac e-con-full e-flex e-con e-child\" data-id=\"6d894ac\" data-element_type=\"container\" data-e-type=\"container\" data-settings=\"{&quot;background_background&quot;:&quot;classic&quot;}\">\n\t\t\t\t<\/div>\n\t\t<div class=\"elementor-element elementor-element-abdfc45 e-con-full e-flex e-con e-child\" data-id=\"abdfc45\" data-element_type=\"container\" data-e-type=\"container\">\n\t\t\t\t<div class=\"elementor-element elementor-element-79d7bf8 elementor-widget__width-inherit elementor-widget elementor-widget-text-editor\" data-id=\"79d7bf8\" data-element_type=\"widget\" data-e-type=\"widget\" data-widget_type=\"text-editor.default\">\n\t\t\t\t\t\t\t\t\t<p><span style=\"font-weight: 400;\">Para participar, cada Local de Agricultura dever\u00e1 ser composto por dois proponentes (pessoa f\u00edsica),\u00a0 maiores de 18 anos, residentes do munic\u00edpio de S\u00e3o Paulo e propriet\u00e1rios ou terem autoriza\u00e7\u00e3o de uso do im\u00f3vel.\u00a0 Os projetos devem ser desenvolvidos no munic\u00edpio de S\u00e3o Paulo, realizar ou estar em transi\u00e7\u00e3o para pr\u00e1ticas de manejo org\u00e2nico ou agroecol\u00f3gico, n\u00e3o estar inscrito no CADIN, n\u00e3o terem pend\u00eancias com as 1\u00aa e 2\u00aa edi\u00e7\u00f5es do Acelerando Hortas e pelo Semeando Neg\u00f3cios.\u00a0<\/span><\/p><p><span style=\"font-weight: 400;\">S\u00e3o Locais de Agricultura aqueles que realizam atividades voltadas \u00e0 unidades produtivas familiares rurais e urbanas; hortas comunit\u00e1rias; agricultura nas Terras Ind\u00edgenas Jaragu\u00e1 e Tenond\u00e9 Por\u00e3; hortas em estabelecimentos p\u00fablicos (escolas, postos de sa\u00fade, parques etc); produ\u00e7\u00e3o e distribui\u00e7\u00e3o de mudas; produ\u00e7\u00e3o e distribui\u00e7\u00e3o de insumos; agroind\u00fastrias e beneficiamento de produtos naturais; e grupos log\u00edsticos e pontos de comercializa\u00e7\u00e3o.<\/span><\/p><p><strong><i><span style=\"font-weight: 400;\">Empreendimentos de setores como tecnologia, audiovisual, games, sustentabilidade e moda\/costura n\u00e3o ser\u00e3o eleg\u00edveis nesta edi\u00e7\u00e3o, considerando a exist\u00eancia de programas espec\u00edficos da ADE SAMPA para estas \u00e1reas.<\/span><\/i><\/strong><\/p>\t\t\t\t\t\t\t\t<\/div>\n\t\t\t\t<\/div>\n\t\t\t\t\t<\/div>\n\t\t\t\t<\/div>\n\t\t<div class=\"elementor-element elementor-element-e47abcd elementor-hidden-desktop e-flex e-con-boxed e-con e-parent\" data-id=\"e47abcd\" data-element_type=\"container\" data-e-type=\"container\">\n\t\t\t\t\t<div class=\"e-con-inner\">\n\t\t<div class=\"elementor-element elementor-element-2edd833 e-con-full e-flex e-con e-child\" data-id=\"2edd833\" data-element_type=\"container\" data-e-type=\"container\" data-settings=\"{&quot;background_background&quot;:&quot;classic&quot;}\">\n\t\t\t\t<\/div>\n\t\t<div class=\"elementor-element elementor-element-7d30276 e-con-full e-flex e-con e-child\" data-id=\"7d30276\" data-element_type=\"container\" data-e-type=\"container\">\n\t\t\t\t<div class=\"elementor-element elementor-element-579eaa0 elementor-widget__width-initial elementor-widget elementor-widget-text-editor\" data-id=\"579eaa0\" data-element_type=\"widget\" data-e-type=\"widget\" data-widget_type=\"text-editor.default\">\n\t\t\t\t\t\t\t\t\t<p><span style=\"font-weight: 400;\">Para participar, cada Local de Agricultura dever\u00e1 ser composto por dois proponentes (pessoa f\u00edsica),\u00a0 maiores de 18 anos, residentes do munic\u00edpio de S\u00e3o Paulo e propriet\u00e1rios ou terem autoriza\u00e7\u00e3o de uso do im\u00f3vel.\u00a0 Os projetos devem ser desenvolvidos no munic\u00edpio de S\u00e3o Paulo, realizar ou estar em transi\u00e7\u00e3o para pr\u00e1ticas de manejo org\u00e2nico ou agroecol\u00f3gico, n\u00e3o estar inscrito no CADIN, n\u00e3o terem pend\u00eancias com as 1\u00aa e 2\u00aa edi\u00e7\u00f5es do Acelerando Hortas e pelo Semeando Neg\u00f3cios.\u00a0<\/span><\/p><p><span style=\"font-weight: 400;\">S\u00e3o Locais de Agricultura aqueles que realizam atividades voltadas \u00e0 unidades produtivas familiares rurais e urbanas; hortas comunit\u00e1rias; agricultura nas Terras Ind\u00edgenas Jaragu\u00e1 e Tenond\u00e9 Por\u00e3; hortas em estabelecimentos p\u00fablicos (escolas, postos de sa\u00fade, parques etc); produ\u00e7\u00e3o e distribui\u00e7\u00e3o de mudas; produ\u00e7\u00e3o e distribui\u00e7\u00e3o de insumos; agroind\u00fastrias e beneficiamento de produtos naturais; e grupos log\u00edsticos e pontos de comercializa\u00e7\u00e3o.<\/span><\/p><p><strong><i><span style=\"font-weight: 400;\">Empreendimentos de setores como tecnologia, audiovisual, games, sustentabilidade e moda\/costura n\u00e3o ser\u00e3o eleg\u00edveis nesta edi\u00e7\u00e3o, considerando a exist\u00eancia de programas espec\u00edficos da ADE SAMPA para estas \u00e1reas.<\/span><\/i><\/strong><\/p>\t\t\t\t\t\t\t\t<\/div>\n\t\t\t\t<\/div>\n\t\t\t\t\t<\/div>\n\t\t\t\t<\/div>\n\t\t<div class=\"elementor-element elementor-element-e27a361 e-flex e-con-boxed e-con e-parent\" data-id=\"e27a361\" data-element_type=\"container\" data-e-type=\"container\">\n\t\t\t\t\t<div class=\"e-con-inner\">\n\t\t\t\t<div class=\"elementor-element elementor-element-6a7e87b elementor-widget elementor-widget-spacer\" data-id=\"6a7e87b\" data-element_type=\"widget\" data-e-type=\"widget\" data-widget_type=\"spacer.default\">\n\t\t\t\t\t\t\t<div class=\"elementor-spacer\">\n\t\t\t<div class=\"elementor-spacer-inner\"><\/div>\n\t\t<\/div>\n\t\t\t\t\t\t<\/div>\n\t\t\t\t\t<\/div>\n\t\t\t\t<\/div>\n\t\t<div class=\"elementor-element elementor-element-5dded3d e-con-full elementor-hidden-tablet elementor-hidden-mobile e-flex e-con e-parent\" data-id=\"5dded3d\" data-element_type=\"container\" data-e-type=\"container\" data-settings=\"{&quot;background_background&quot;:&quot;classic&quot;}\">\n\t\t\t\t<div class=\"elementor-element elementor-element-6ad74dd elementor-widget elementor-widget-spacer\" data-id=\"6ad74dd\" data-element_type=\"widget\" data-e-type=\"widget\" data-widget_type=\"spacer.default\">\n\t\t\t\t\t\t\t<div class=\"elementor-spacer\">\n\t\t\t<div class=\"elementor-spacer-inner\"><\/div>\n\t\t<\/div>\n\t\t\t\t\t\t<\/div>\n\t\t<div class=\"elementor-element elementor-element-5c75b61 e-con-full e-flex e-con e-child\" data-id=\"5c75b61\" data-element_type=\"container\" data-e-type=\"container\">\n\t\t\t\t<div class=\"elementor-element elementor-element-7205e9f elementor-widget elementor-widget-heading\" data-id=\"7205e9f\" data-element_type=\"widget\" data-e-type=\"widget\" data-widget_type=\"heading.default\">\n\t\t\t\t\t<h2 class=\"elementor-heading-title elementor-size-default\">Realiza\u00e7\u00e3o<\/h2>\t\t\t\t<\/div>\n\t\t\t\t<div class=\"elementor-element elementor-element-2f0a40f elementor-widget elementor-widget-text-editor\" data-id=\"2f0a40f\" data-element_type=\"widget\" data-e-type=\"widget\" data-widget_type=\"text-editor.default\">\n\t\t\t\t\t\t\t\t\t<p>O Sampa+Rural: Acelerando Hortas \u00e9 operado pela ADE SAMPA e integra o programa Sampa+Rural, iniciativa da Prefeitura de S\u00e3o Paulo, por meio da Coordenadoria de Agricultura da Secretaria Municipal de Desenvolvimento Econ\u00f4mico e Trabalho, em parceria com o Centro Popular de Cultura e Desenvolvimento (CPCD).<\/p>\t\t\t\t\t\t\t\t<\/div>\n\t\t\t\t<div class=\"elementor-element elementor-element-e9e3822 elementor-widget elementor-widget-spacer\" data-id=\"e9e3822\" data-element_type=\"widget\" data-e-type=\"widget\" data-widget_type=\"spacer.default\">\n\t\t\t\t\t\t\t<div class=\"elementor-spacer\">\n\t\t\t<div class=\"elementor-spacer-inner\"><\/div>\n\t\t<\/div>\n\t\t\t\t\t\t<\/div>\n\t\t\t\t<\/div>\n\t\t<div class=\"elementor-element elementor-element-4322b0d e-con-full e-flex e-con e-child\" data-id=\"4322b0d\" data-element_type=\"container\" data-e-type=\"container\">\n\t\t\t\t<div class=\"elementor-element elementor-element-ad06402 elementor-widget elementor-widget-heading\" data-id=\"ad06402\" data-element_type=\"widget\" data-e-type=\"widget\" data-widget_type=\"heading.default\">\n\t\t\t\t\t<h2 class=\"elementor-heading-title elementor-size-default\">ADE SAMPA<\/h2>\t\t\t\t<\/div>\n\t\t\t\t<div class=\"elementor-element elementor-element-6e408b0 elementor-widget elementor-widget-text-editor\" data-id=\"6e408b0\" data-element_type=\"widget\" data-e-type=\"widget\" data-widget_type=\"text-editor.default\">\n\t\t\t\t\t\t\t\t\t<p><span style=\"font-weight: 400;\">A Ag\u00eancia S\u00e3o Paulo de Desenvolvimento promove pol\u00edticas p\u00fablicas que contribuem para a redu\u00e7\u00e3o de desigualdades econ\u00f4micas, aumentando a competitividade e fomentando a gera\u00e7\u00e3o de emprego e renda na cidade de S\u00e3o Paulo. Com a\u00e7\u00f5es e programas voltados para empreendedorismo, inova\u00e7\u00e3o, tecnologia e sustentabilidade, oferece cursos e capacita\u00e7\u00f5es, acelera\u00e7\u00e3o de neg\u00f3cios, atendimento para MEIs, espa\u00e7os de trabalho gratuitos, est\u00fadios de podcasts e orienta\u00e7\u00e3o para obten\u00e7\u00e3o de cr\u00e9dito.<\/span><\/p>\t\t\t\t\t\t\t\t<\/div>\n\t\t\t\t<div class=\"elementor-element elementor-element-cf519ba elementor-widget elementor-widget-spacer\" data-id=\"cf519ba\" data-element_type=\"widget\" data-e-type=\"widget\" data-widget_type=\"spacer.default\">\n\t\t\t\t\t\t\t<div class=\"elementor-spacer\">\n\t\t\t<div class=\"elementor-spacer-inner\"><\/div>\n\t\t<\/div>\n\t\t\t\t\t\t<\/div>\n\t\t\t\t<\/div>\n\t\t<div class=\"elementor-element elementor-element-570140d e-con-full e-flex e-con e-child\" data-id=\"570140d\" data-element_type=\"container\" data-e-type=\"container\">\n\t\t\t\t<div class=\"elementor-element elementor-element-7ee7150 elementor-widget elementor-widget-heading\" data-id=\"7ee7150\" data-element_type=\"widget\" data-e-type=\"widget\" data-widget_type=\"heading.default\">\n\t\t\t\t\t<h2 class=\"elementor-heading-title elementor-size-default\">Programa Sampa+Rural<\/h2>\t\t\t\t<\/div>\n\t\t\t\t<div class=\"elementor-element elementor-element-3319703 elementor-widget elementor-widget-text-editor\" data-id=\"3319703\" data-element_type=\"widget\" data-e-type=\"widget\" data-widget_type=\"text-editor.default\">\n\t\t\t\t\t\t\t\t\t<p><span style=\"font-weight: 400;\">O programa prev\u00ea a\u00e7\u00f5es que visam expandir a assist\u00eancia t\u00e9cnica e extens\u00e3o rural na cidade de S\u00e3o Paulo. A iniciativa tem o objetivo de fortalecer os Locais de Agricultura j\u00e1 existentes, mas tamb\u00e9m incentivar e viabilizar a constru\u00e7\u00e3o de novos espa\u00e7os de cultivo em todas as regi\u00f5es do munic\u00edpio. A Coordenadoria de Agricultura, respons\u00e1vel pelo programa, conta com tr\u00eas Casas de Agricultura Ecol\u00f3gica (CAEs) nas zonas Sul, Leste e Norte, sendo a \u00faltima respons\u00e1vel pelo atendimento tamb\u00e9m dos distritos da regi\u00e3o central, oeste e sul em sua por\u00e7\u00e3o urbana.<\/span><\/p>\t\t\t\t\t\t\t\t<\/div>\n\t\t\t\t<div class=\"elementor-element elementor-element-e830c9f elementor-widget elementor-widget-spacer\" data-id=\"e830c9f\" data-element_type=\"widget\" data-e-type=\"widget\" data-widget_type=\"spacer.default\">\n\t\t\t\t\t\t\t<div class=\"elementor-spacer\">\n\t\t\t<div class=\"elementor-spacer-inner\"><\/div>\n\t\t<\/div>\n\t\t\t\t\t\t<\/div>\n\t\t\t\t<\/div>\n\t\t<div class=\"elementor-element elementor-element-27618e2 e-grid e-con-full e-con e-child\" data-id=\"27618e2\" data-element_type=\"container\" data-e-type=\"container\">\n\t\t\t\t<div class=\"elementor-element elementor-element-183899b elementor-align-center elementor-widget elementor-widget-button\" data-id=\"183899b\" data-element_type=\"widget\" data-e-type=\"widget\" data-widget_type=\"button.default\">\n\t\t\t\t\t\t\t\t\t\t<a class=\"elementor-button elementor-button-link elementor-size-sm\" href=\"https:\/\/adesampa.com.br\/acelerandohortas\/edital\/\">\n\t\t\t\t\t\t<span class=\"elementor-button-content-wrapper\">\n\t\t\t\t\t\t\t\t\t<span class=\"elementor-button-text\">Veja o edital<\/span>\n\t\t\t\t\t<\/span>\n\t\t\t\t\t<\/a>\n\t\t\t\t\t\t\t\t<\/div>\n\t\t\t\t<div class=\"elementor-element elementor-element-0ec2cf5 elementor-align-center elementor-widget elementor-widget-button\" data-id=\"0ec2cf5\" data-element_type=\"widget\" data-e-type=\"widget\" data-widget_type=\"button.default\">\n\t\t\t\t\t\t\t\t\t\t<a class=\"elementor-button elementor-button-link elementor-size-sm\" href=\"https:\/\/forms.gle\/bScyEqgLvccibDTw5\">\n\t\t\t\t\t\t<span class=\"elementor-button-content-wrapper\">\n\t\t\t\t\t\t\t\t\t<span class=\"elementor-button-text\">Inscreva-se<\/span>\n\t\t\t\t\t<\/span>\n\t\t\t\t\t<\/a>\n\t\t\t\t\t\t\t\t<\/div>\n\t\t\t\t<\/div>\n\t\t\t\t<div class=\"elementor-element elementor-element-37aa970 elementor-widget elementor-widget-spacer\" data-id=\"37aa970\" data-element_type=\"widget\" data-e-type=\"widget\" data-widget_type=\"spacer.default\">\n\t\t\t\t\t\t\t<div class=\"elementor-spacer\">\n\t\t\t<div class=\"elementor-spacer-inner\"><\/div>\n\t\t<\/div>\n\t\t\t\t\t\t<\/div>\n\t\t\t\t<\/div>\n\t\t<div class=\"elementor-element elementor-element-1bb446d e-con-full elementor-hidden-desktop e-flex e-con e-parent\" data-id=\"1bb446d\" data-element_type=\"container\" data-e-type=\"container\" data-settings=\"{&quot;background_background&quot;:&quot;classic&quot;}\">\n\t\t\t\t<div class=\"elementor-element elementor-element-5570508 elementor-widget elementor-widget-spacer\" data-id=\"5570508\" data-element_type=\"widget\" data-e-type=\"widget\" data-widget_type=\"spacer.default\">\n\t\t\t\t\t\t\t<div class=\"elementor-spacer\">\n\t\t\t<div class=\"elementor-spacer-inner\"><\/div>\n\t\t<\/div>\n\t\t\t\t\t\t<\/div>\n\t\t<div class=\"elementor-element elementor-element-e564555 e-con-full e-flex e-con e-child\" data-id=\"e564555\" data-element_type=\"container\" data-e-type=\"container\">\n\t\t\t\t<div class=\"elementor-element elementor-element-31ca0d0 elementor-widget elementor-widget-heading\" data-id=\"31ca0d0\" data-element_type=\"widget\" data-e-type=\"widget\" data-widget_type=\"heading.default\">\n\t\t\t\t\t<h2 class=\"elementor-heading-title elementor-size-default\">Realiza\u00e7\u00e3o<\/h2>\t\t\t\t<\/div>\n\t\t\t\t<div class=\"elementor-element elementor-element-bb8d04d elementor-widget elementor-widget-text-editor\" data-id=\"bb8d04d\" data-element_type=\"widget\" data-e-type=\"widget\" data-widget_type=\"text-editor.default\">\n\t\t\t\t\t\t\t\t\t<p>O Sampa+Rural: Acelerando Hortas \u00e9 operado pela ADE SAMPA e integra o programa Sampa+Rural, iniciativa da Prefeitura de S\u00e3o Paulo, por meio da Coordenadoria de Agricultura da Secretaria Municipal de Desenvolvimento Econ\u00f4mico e Trabalho, em parceria com o Centro Popular de Cultura e Desenvolvimento (CPCD).<\/p>\t\t\t\t\t\t\t\t<\/div>\n\t\t\t\t<\/div>\n\t\t<div class=\"elementor-element elementor-element-a658be5 e-con-full e-flex e-con e-child\" data-id=\"a658be5\" data-element_type=\"container\" data-e-type=\"container\">\n\t\t\t\t<div class=\"elementor-element elementor-element-50d4f69 elementor-widget elementor-widget-heading\" data-id=\"50d4f69\" data-element_type=\"widget\" data-e-type=\"widget\" data-widget_type=\"heading.default\">\n\t\t\t\t\t<h2 class=\"elementor-heading-title elementor-size-default\">ADE SAMPA<\/h2>\t\t\t\t<\/div>\n\t\t\t\t<div class=\"elementor-element elementor-element-7ecdf91 elementor-widget elementor-widget-text-editor\" data-id=\"7ecdf91\" data-element_type=\"widget\" data-e-type=\"widget\" data-widget_type=\"text-editor.default\">\n\t\t\t\t\t\t\t\t\t<p><span style=\"font-weight: 400;\">A Ag\u00eancia S\u00e3o Paulo de Desenvolvimento promove pol\u00edticas p\u00fablicas que contribuem para a redu\u00e7\u00e3o de desigualdades econ\u00f4micas, aumentando a competitividade e fomentando a gera\u00e7\u00e3o de emprego e renda na cidade de S\u00e3o Paulo. Com a\u00e7\u00f5es e programas voltados para empreendedorismo, inova\u00e7\u00e3o, tecnologia e sustentabilidade, oferece cursos e capacita\u00e7\u00f5es, acelera\u00e7\u00e3o de neg\u00f3cios, atendimento para MEIs, espa\u00e7os de trabalho gratuitos, est\u00fadios de podcasts e orienta\u00e7\u00e3o para obten\u00e7\u00e3o de cr\u00e9dito.<\/span><\/p>\t\t\t\t\t\t\t\t<\/div>\n\t\t\t\t<\/div>\n\t\t<div class=\"elementor-element elementor-element-ebd8c98 e-con-full e-flex e-con e-child\" data-id=\"ebd8c98\" data-element_type=\"container\" data-e-type=\"container\">\n\t\t\t\t<div class=\"elementor-element elementor-element-b83d325 elementor-widget elementor-widget-heading\" data-id=\"b83d325\" data-element_type=\"widget\" data-e-type=\"widget\" data-widget_type=\"heading.default\">\n\t\t\t\t\t<h2 class=\"elementor-heading-title elementor-size-default\">Programa Sampa+Rural<\/h2>\t\t\t\t<\/div>\n\t\t\t\t<div class=\"elementor-element elementor-element-67e66e6 elementor-widget elementor-widget-text-editor\" data-id=\"67e66e6\" data-element_type=\"widget\" data-e-type=\"widget\" data-widget_type=\"text-editor.default\">\n\t\t\t\t\t\t\t\t\t<p><span style=\"font-weight: 400;\">O programa prev\u00ea a\u00e7\u00f5es que visam expandir a assist\u00eancia t\u00e9cnica e extens\u00e3o rural na cidade de S\u00e3o Paulo. A iniciativa tem o objetivo de fortalecer os Locais de Agricultura j\u00e1 existentes, mas tamb\u00e9m incentivar e viabilizar a constru\u00e7\u00e3o de novos espa\u00e7os de cultivo em todas as regi\u00f5es do munic\u00edpio. A Coordenadoria de Agricultura, respons\u00e1vel pelo programa, conta com tr\u00eas Casas de Agricultura Ecol\u00f3gica (CAEs) nas zonas Sul, Leste e Norte, sendo a \u00faltima respons\u00e1vel pelo atendimento tamb\u00e9m dos distritos da regi\u00e3o central, oeste e sul em sua por\u00e7\u00e3o urbana.<\/span><\/p>\t\t\t\t\t\t\t\t<\/div>\n\t\t\t\t<\/div>\n\t\t\t\t<div class=\"elementor-element elementor-element-1cca7b2 elementor-widget elementor-widget-spacer\" data-id=\"1cca7b2\" data-element_type=\"widget\" data-e-type=\"widget\" data-widget_type=\"spacer.default\">\n\t\t\t\t\t\t\t<div class=\"elementor-spacer\">\n\t\t\t<div class=\"elementor-spacer-inner\"><\/div>\n\t\t<\/div>\n\t\t\t\t\t\t<\/div>\n\t\t<div class=\"elementor-element elementor-element-9ea4f33 e-grid e-con-full e-con e-child\" data-id=\"9ea4f33\" data-element_type=\"container\" data-e-type=\"container\">\n\t\t\t\t<div class=\"elementor-element elementor-element-cf31a09 elementor-align-center elementor-mobile-align-justify elementor-widget elementor-widget-button\" data-id=\"cf31a09\" data-element_type=\"widget\" data-e-type=\"widget\" data-widget_type=\"button.default\">\n\t\t\t\t\t\t\t\t\t\t<a class=\"elementor-button elementor-button-link elementor-size-sm\" href=\"https:\/\/adesampa.com.br\/acelerandohortas\/edital\/\">\n\t\t\t\t\t\t<span class=\"elementor-button-content-wrapper\">\n\t\t\t\t\t\t\t\t\t<span class=\"elementor-button-text\">Veja o edital<\/span>\n\t\t\t\t\t<\/span>\n\t\t\t\t\t<\/a>\n\t\t\t\t\t\t\t\t<\/div>\n\t\t\t\t<div class=\"elementor-element elementor-element-7c05c85 elementor-align-center elementor-widget elementor-widget-button\" data-id=\"7c05c85\" data-element_type=\"widget\" data-e-type=\"widget\" data-widget_type=\"button.default\">\n\t\t\t\t\t\t\t\t\t\t<a class=\"elementor-button elementor-button-link elementor-size-sm\" href=\"https:\/\/forms.gle\/bScyEqgLvccibDTw5\">\n\t\t\t\t\t\t<span class=\"elementor-button-content-wrapper\">\n\t\t\t\t\t\t\t\t\t<span class=\"elementor-button-text\">Inscreva-se<\/span>\n\t\t\t\t\t<\/span>\n\t\t\t\t\t<\/a>\n\t\t\t\t\t\t\t\t<\/div>\n\t\t\t\t<\/div>\n\t\t\t\t<div class=\"elementor-element elementor-element-4f95c3f elementor-widget elementor-widget-spacer\" data-id=\"4f95c3f\" data-element_type=\"widget\" data-e-type=\"widget\" data-widget_type=\"spacer.default\">\n\t\t\t\t\t\t\t<div class=\"elementor-spacer\">\n\t\t\t<div class=\"elementor-spacer-inner\"><\/div>\n\t\t<\/div>\n\t\t\t\t\t\t<\/div>\n\t\t\t\t<\/div>\n\t\t\t\t<\/div>\n\t\t","protected":false},"excerpt":{"rendered":"<p>Sobre Sobre O Sampa+Rural: Acelerando Hortas \u00e9 um programa de&hellip;<\/p>\n<p> <a class=\"more-link\" href=\"https:\/\/adesampa.com.br\/acelerandohortas\/sobre\/\">Leia mais<\/a><\/p>\n","protected":false},"author":2,"featured_media":0,"parent":0,"menu_order":0,"comment_status":"closed","ping_status":"closed","template":"elementor_header_footer","meta":{"footnotes":""},"class_list":["post-12223","page","type-page","status-publish"],"_links":{"self":[{"href":"https:\/\/adesampa.com.br\/acelerandohortas\/wp-json\/wp\/v2\/pages\/12223","targetHints":{"allow":["GET"]}}],"collection":[{"href":"https:\/\/adesampa.com.br\/acelerandohortas\/wp-json\/wp\/v2\/pages"}],"about":[{"href":"https:\/\/adesampa.com.br\/acelerandohortas\/wp-json\/wp\/v2\/types\/page"}],"author":[{"embeddable":true,"href":"https:\/\/adesampa.com.br\/acelerandohortas\/wp-json\/wp\/v2\/users\/2"}],"replies":[{"embeddable":true,"href":"https:\/\/adesampa.com.br\/acelerandohortas\/wp-json\/wp\/v2\/comments?post=12223"}],"version-history":[{"count":4,"href":"https:\/\/adesampa.com.br\/acelerandohortas\/wp-json\/wp\/v2\/pages\/12223\/revisions"}],"predecessor-version":[{"id":13292,"href":"https:\/\/adesampa.com.br\/acelerandohortas\/wp-json\/wp\/v2\/pages\/12223\/revisions\/13292"}],"wp:attachment":[{"href":"https:\/\/adesampa.com.br\/acelerandohortas\/wp-json\/wp\/v2\/media?parent=12223"}],"curies":[{"name":"wp","href":"https:\/\/api.w.org\/{rel}","templated":true}]}}